CRAN Package Check Results for Package MiRNAQCD

Last updated on 2024-06-18 12:55:59 CEST.

Flavor Version Tinstall Tcheck Ttotal Status Flags
r-devel-linux-x86_64-debian-clang 1.1.3 5.97 41.97 47.94 OK
r-devel-linux-x86_64-debian-gcc 1.1.3 3.87 30.67 34.54 OK
r-devel-linux-x86_64-fedora-clang 1.1.3 57.69 NOTE
r-devel-linux-x86_64-fedora-gcc 1.1.3 54.36 NOTE
r-devel-windows-x86_64 1.1.3 6.00 60.00 66.00 OK
r-patched-linux-x86_64 1.1.3 5.51 39.60 45.11 OK
r-release-linux-x86_64 1.1.3 4.52 40.35 44.87 OK
r-release-macos-arm64 1.1.3 20.00 OK
r-release-macos-x86_64 1.1.3 28.00 OK
r-release-windows-x86_64 1.1.3 6.00 58.00 64.00 OK
r-oldrel-macos-arm64 1.1.3 21.00 OK
r-oldrel-macos-x86_64 1.1.3 57.00 OK
r-oldrel-windows-x86_64 1.1.3 6.00 58.00 64.00 OK

Check Details

Version: 1.1.3
Check: dependencies in R code
Result: NOTE Namespace in Imports field not imported from: ‘qpdf’ All declared Imports should be used. Flavors: r-devel-linux-x86_64-fedora-clang, r-devel-linux-x86_64-fedora-gcc