CRAN Package Check Results for Package MetaStan

Last updated on 2020-05-28 07:48:00 CEST.

Flavor Version Tinstall Tcheck Ttotal Status Flags
r-devel-linux-x86_64-debian-clang 0.2.0 781.41 129.35 910.76 NOTE
r-devel-linux-x86_64-debian-gcc 0.2.0 748.65 122.98 871.63 NOTE
r-devel-linux-x86_64-fedora-clang 0.2.0 1358.52 NOTE
r-devel-linux-x86_64-fedora-gcc 0.2.0 1511.42 NOTE
r-devel-windows-ix86+x86_64 0.2.0 1875.00 332.00 2207.00 NOTE
r-patched-linux-x86_64 0.2.0 755.78 161.80 917.58 NOTE
r-patched-solaris-x86 0.2.0 1169.70 NOTE
r-release-linux-x86_64 0.2.0 709.07 156.76 865.83 NOTE
r-release-osx-x86_64 0.2.0 NOTE
r-release-windows-ix86+x86_64 0.2.0 1506.00 315.00 1821.00 NOTE
r-oldrel-osx-x86_64 0.2.0 NOTE
r-oldrel-windows-ix86+x86_64 0.2.0 1426.00 226.00 1652.00 NOTE

Check Details

Version: 0.2.0
Check: for GNU extensions in Makefiles
Result: NOTE
    GNU make is a SystemRequirements.
Flavors: r-devel-linux-x86_64-debian-clang, r-devel-linux-x86_64-debian-gcc, r-devel-linux-x86_64-fedora-clang, r-devel-linux-x86_64-fedora-gcc, r-devel-windows-ix86+x86_64, r-patched-linux-x86_64, r-patched-solaris-x86, r-release-linux-x86_64, r-release-osx-x86_64, r-release-windows-ix86+x86_64, r-oldrel-osx-x86_64, r-oldrel-windows-ix86+x86_64

Version: 0.2.0
Check: installed package size
Result: NOTE
     installed size is 124.0Mb
     sub-directories of 1Mb or more:
     libs 123.6Mb
Flavors: r-devel-linux-x86_64-fedora-clang, r-devel-windows-ix86+x86_64, r-patched-solaris-x86, r-release-osx-x86_64, r-release-windows-ix86+x86_64, r-oldrel-osx-x86_64, r-oldrel-windows-ix86+x86_64