CRAN Package Check Results for Package MaxentVariableSelection

Last updated on 2022-08-14 18:49:17 CEST.

Flavor Version Tinstall Tcheck Ttotal Status Flags
r-devel-linux-x86_64-debian-clang 1.0-3 3.03 39.52 42.55 NOTE
r-devel-linux-x86_64-debian-gcc 1.0-3 2.38 29.73 32.11 NOTE
r-devel-linux-x86_64-fedora-clang 1.0-3 61.30 NOTE
r-devel-linux-x86_64-fedora-gcc 1.0-3 59.18 NOTE
r-devel-windows-x86_64 1.0-3 40.00 67.00 107.00 NOTE
r-patched-linux-x86_64 1.0-3 2.98 37.20 40.18 NOTE
r-release-linux-x86_64 1.0-3 2.54 37.88 40.42 NOTE
r-release-macos-arm64 1.0-3 23.00 NOTE
r-release-macos-x86_64 1.0-3 35.00 NOTE
r-release-windows-x86_64 1.0-3 48.00 66.00 114.00 NOTE
r-oldrel-macos-arm64 1.0-3 25.00 NOTE
r-oldrel-macos-x86_64 1.0-3 26.00 NOTE
r-oldrel-windows-ix86+x86_64 1.0-3 8.00 60.00 68.00 NOTE

Additional issues

donttest

Check Details

Version: 1.0-3
Check: LazyData
Result: NOTE
     'LazyData' is specified without a 'data' directory
Flavors: r-devel-linux-x86_64-debian-clang, r-devel-linux-x86_64-debian-gcc, r-devel-linux-x86_64-fedora-clang, r-devel-linux-x86_64-fedora-gcc, r-devel-windows-x86_64, r-patched-linux-x86_64, r-release-linux-x86_64, r-release-macos-arm64, r-release-macos-x86_64, r-release-windows-x86_64, r-oldrel-macos-arm64, r-oldrel-macos-x86_64, r-oldrel-windows-ix86+x86_64