CRAN Package Check Results for Package Matrix.utils

Last updated on 2022-08-13 00:51:04 CEST.

Flavor Version Tinstall Tcheck Ttotal Status Flags
r-devel-linux-x86_64-debian-clang 0.9.8 8.81 75.25 84.06 NOTE
r-devel-linux-x86_64-debian-gcc 0.9.8 6.91 57.66 64.57 NOTE
r-devel-linux-x86_64-fedora-clang 0.9.8 115.09 NOTE
r-devel-linux-x86_64-fedora-gcc 0.9.8 117.33 NOTE
r-devel-windows-x86_64 0.9.8 20.00 102.00 122.00 NOTE
r-patched-linux-x86_64 0.9.8 8.94 71.12 80.06 NOTE
r-release-linux-x86_64 0.9.8 8.24 71.58 79.82 NOTE
r-release-macos-arm64 0.9.8 34.00 NOTE
r-release-macos-x86_64 0.9.8 46.00 NOTE
r-release-windows-x86_64 0.9.8 28.00 103.00 131.00 NOTE
r-oldrel-macos-arm64 0.9.8 39.00 NOTE
r-oldrel-macos-x86_64 0.9.8 67.00 NOTE
r-oldrel-windows-ix86+x86_64 0.9.8 19.00 94.00 113.00 NOTE

Check Details

Version: 0.9.8
Check: LazyData
Result: NOTE
     'LazyData' is specified without a 'data' directory
Flavors: r-devel-linux-x86_64-debian-clang, r-devel-linux-x86_64-debian-gcc, r-devel-linux-x86_64-fedora-clang, r-devel-linux-x86_64-fedora-gcc, r-devel-windows-x86_64, r-patched-linux-x86_64, r-release-linux-x86_64, r-release-macos-arm64, r-release-macos-x86_64, r-release-windows-x86_64, r-oldrel-macos-arm64, r-oldrel-macos-x86_64, r-oldrel-windows-ix86+x86_64

Version: 0.9.8
Check: Rd cross-references
Result: NOTE
    Undeclared packages ‘dplyr’, ‘plyr’, ‘reshape2’, ‘reshape’ in Rd xrefs
Flavor: r-devel-linux-x86_64-fedora-clang