Last updated on 2022-06-28 12:52:28 CEST.
Flavor | Version | Tinstall | Tcheck | Ttotal | Status | Flags |
---|---|---|---|---|---|---|
r-devel-linux-x86_64-debian-clang | 1.4-1 | 182.14 | 379.79 | 561.93 | NOTE | |
r-devel-linux-x86_64-debian-gcc | 1.4-1 | 154.04 | 282.84 | 436.88 | NOTE | |
r-devel-linux-x86_64-fedora-clang | 1.4-1 | 713.04 | NOTE | |||
r-devel-linux-x86_64-fedora-gcc | 1.4-1 | 711.67 | NOTE | |||
r-devel-windows-x86_64 | 1.4-1 | 378.00 | 527.00 | 905.00 | NOTE | |
r-patched-linux-x86_64 | 1.4-1 | 174.86 | 360.12 | 534.98 | OK | |
r-release-linux-x86_64 | 1.4-1 | 166.10 | 356.44 | 522.54 | OK | |
r-release-macos-arm64 | 1.4-1 | 208.00 | NOTE | |||
r-release-macos-x86_64 | 1.4-1 | 274.00 | OK | |||
r-release-windows-x86_64 | 1.4-1 | 437.00 | 514.00 | 951.00 | OK | |
r-oldrel-macos-arm64 | 1.4-1 | 188.00 | OK | |||
r-oldrel-macos-x86_64 | 1.4-1 | 266.00 | OK | |||
r-oldrel-windows-ix86+x86_64 | 1.4-1 | 382.00 | 642.00 | 1024.00 | OK |
Version: 1.4-1
Check: Rd files
Result: NOTE
checkRd: (-1) USCounties.Rd:26: Escaped LaTeX specials: \_
Flavors: r-devel-linux-x86_64-debian-clang, r-devel-linux-x86_64-debian-gcc, r-devel-linux-x86_64-fedora-clang, r-devel-linux-x86_64-fedora-gcc, r-devel-windows-x86_64
Version: 1.4-1
Check: package dependencies
Result: NOTE
Package which this enhances but not available for checking: ‘graph’
Flavor: r-release-macos-arm64
Version: 1.4-1
Check: Rd cross-references
Result: NOTE
Package unavailable to check Rd xrefs: ‘graph’
Flavor: r-release-macos-arm64