CRAN Package Check Results for Package MatchIt

Last updated on 2022-08-15 01:50:56 CEST.

Flavor Version Tinstall Tcheck Ttotal Status Flags
r-devel-linux-x86_64-debian-clang 4.4.0 85.04 247.72 332.76 NOTE
r-devel-linux-x86_64-debian-gcc 4.4.0 66.73 181.75 248.48 NOTE
r-devel-linux-x86_64-fedora-clang 4.4.0 407.61 NOTE
r-devel-linux-x86_64-fedora-gcc 4.4.0 400.56 NOTE
r-devel-windows-x86_64 4.4.0 83.00 284.00 367.00 NOTE
r-patched-linux-x86_64 4.4.0 76.29 237.41 313.70 NOTE
r-release-linux-x86_64 4.4.0 76.30 237.05 313.35 NOTE
r-release-macos-arm64 4.4.0 150.00 NOTE
r-release-macos-x86_64 4.4.0 155.00 NOTE
r-release-windows-x86_64 4.4.0 81.00 294.00 375.00 NOTE
r-oldrel-macos-arm64 4.4.0 146.00 NOTE
r-oldrel-macos-x86_64 4.4.0 166.00 NOTE
r-oldrel-windows-ix86+x86_64 4.4.0 181.00 357.00 538.00 NOTE

Check Details

Version: 4.4.0
Check: package dependencies
Result: NOTE
    Package suggested but not available for checking: 'gurobi'
Flavors: r-devel-linux-x86_64-debian-clang, r-devel-linux-x86_64-debian-gcc, r-devel-linux-x86_64-fedora-clang, r-devel-linux-x86_64-fedora-gcc, r-devel-windows-x86_64, r-patched-linux-x86_64, r-release-linux-x86_64, r-release-macos-x86_64, r-release-windows-x86_64, r-oldrel-macos-arm64, r-oldrel-macos-x86_64, r-oldrel-windows-ix86+x86_64

Version: 4.4.0
Check: package dependencies
Result: NOTE
    Packages suggested but not available for checking: 'dbarts', 'gurobi'
Flavor: r-release-macos-arm64

Version: 4.4.0
Check: installed package size
Result: NOTE
     installed size is 5.2Mb
     sub-directories of 1Mb or more:
     doc 1.5Mb
     libs 2.6Mb
Flavors: r-release-macos-arm64, r-release-macos-x86_64, r-oldrel-macos-arm64, r-oldrel-macos-x86_64

Version: 4.4.0
Check: Rd cross-references
Result: NOTE
    Package unavailable to check Rd xrefs: ‘dbarts’
Flavor: r-release-macos-arm64