CRAN Package Check Results for Package Mangrove

Last updated on 2025-01-23 12:55:02 CET.

Flavor Version Tinstall Tcheck Ttotal Status Flags
r-devel-linux-x86_64-debian-clang 1.21 3.71 46.35 50.06 NOTE
r-devel-linux-x86_64-debian-gcc 1.21 2.71 32.45 35.16 NOTE
r-devel-linux-x86_64-fedora-clang 1.21 81.02 NOTE
r-devel-linux-x86_64-fedora-gcc 1.21 88.77 NOTE
r-devel-windows-x86_64 1.21 5.00 74.00 79.00 NOTE
r-patched-linux-x86_64 1.21 3.84 43.34 47.18 NOTE
r-release-linux-x86_64 1.21 2.98 44.03 47.01 NOTE
r-release-macos-arm64 1.21 31.00 NOTE
r-release-macos-x86_64 1.21 65.00 NOTE
r-release-windows-x86_64 1.21 6.00 77.00 83.00 NOTE
r-oldrel-macos-arm64 1.21 34.00 OK
r-oldrel-macos-x86_64 1.21 55.00 OK
r-oldrel-windows-x86_64 1.21 6.00 81.00 87.00 OK

Check Details

Version: 1.21
Check: Rd files
Result: NOTE checkRd: (-1) MangroveTree.Rd:37: Lost braces 37 | An object of class \\code{\link[Mangrove]{MangrovePed}} | ^ Flavors: r-devel-linux-x86_64-debian-clang, r-devel-linux-x86_64-debian-gcc, r-devel-linux-x86_64-fedora-clang, r-devel-linux-x86_64-fedora-gcc, r-devel-windows-x86_64, r-patched-linux-x86_64, r-release-linux-x86_64, r-release-macos-arm64, r-release-macos-x86_64, r-release-windows-x86_64