CRAN Package Check Results for Package Mangrove

Last updated on 2024-06-19 00:49:33 CEST.

Flavor Version Tinstall Tcheck Ttotal Status Flags
r-devel-linux-x86_64-debian-clang 1.21 3.65 59.49 63.14 NOTE
r-devel-linux-x86_64-debian-gcc 1.21 3.72 43.26 46.98 NOTE
r-devel-linux-x86_64-fedora-clang 1.21 78.76 NOTE
r-devel-linux-x86_64-fedora-gcc 1.21 88.24 NOTE
r-devel-windows-x86_64 1.21 4.00 74.00 78.00 NOTE
r-patched-linux-x86_64 1.21 4.78 57.37 62.15 NOTE
r-release-linux-x86_64 1.21 5.02 56.63 61.65 NOTE
r-release-macos-arm64 1.21 31.00 NOTE
r-release-macos-x86_64 1.21 65.00 NOTE
r-release-windows-x86_64 1.21 5.00 75.00 80.00 NOTE
r-oldrel-macos-arm64 1.21 34.00 OK
r-oldrel-macos-x86_64 1.21 55.00 OK
r-oldrel-windows-x86_64 1.21 5.00 81.00 86.00 OK

Check Details

Version: 1.21
Check: Rd files
Result: NOTE checkRd: (-1) MangroveTree.Rd:37: Lost braces 37 | An object of class \\code{\link[Mangrove]{MangrovePed}} | ^ Flavors: r-devel-linux-x86_64-debian-clang, r-devel-linux-x86_64-debian-gcc, r-devel-linux-x86_64-fedora-clang, r-devel-linux-x86_64-fedora-gcc, r-devel-windows-x86_64, r-patched-linux-x86_64, r-release-linux-x86_64, r-release-macos-arm64, r-release-macos-x86_64, r-release-windows-x86_64