CRAN Package Check Results for Package MTLR

Last updated on 2022-09-27 00:51:08 CEST.

Flavor Version Tinstall Tcheck Ttotal Status Flags
r-devel-linux-x86_64-debian-clang 0.2.1 37.33 72.84 110.17 NOTE
r-devel-linux-x86_64-debian-gcc 0.2.1 28.24 54.18 82.42 NOTE
r-devel-linux-x86_64-fedora-clang 0.2.1 153.72 NOTE
r-devel-linux-x86_64-fedora-gcc 0.2.1 140.73 NOTE
r-devel-windows-x86_64 0.2.1 39.00 125.00 164.00 NOTE
r-patched-linux-x86_64 0.2.1 29.79 68.66 98.45 NOTE
r-release-linux-x86_64 0.2.1 32.42 66.92 99.34 NOTE
r-release-macos-arm64 0.2.1 42.00 NOTE
r-release-macos-x86_64 0.2.1 54.00 NOTE
r-release-windows-x86_64 0.2.1 49.00 119.00 168.00 NOTE
r-oldrel-macos-arm64 0.2.1 50.00 NOTE
r-oldrel-macos-x86_64 0.2.1 80.00 NOTE
r-oldrel-windows-ix86+x86_64 0.2.1 92.00 139.00 231.00 NOTE

Check Details

Version: 0.2.1
Check: LazyData
Result: NOTE
     'LazyData' is specified without a 'data' directory
Flavors: r-devel-linux-x86_64-debian-clang, r-devel-linux-x86_64-debian-gcc, r-devel-linux-x86_64-fedora-clang, r-devel-linux-x86_64-fedora-gcc, r-devel-windows-x86_64, r-patched-linux-x86_64, r-release-linux-x86_64, r-release-macos-arm64, r-release-macos-x86_64, r-release-windows-x86_64, r-oldrel-macos-arm64, r-oldrel-macos-x86_64, r-oldrel-windows-ix86+x86_64