CRAN Package Check Results for Package MRPC

Last updated on 2020-06-01 13:49:42 CEST.

Flavor Version Tinstall Tcheck Ttotal Status Flags
r-devel-linux-x86_64-debian-clang 2.2.0 33.29 265.61 298.90 OK
r-devel-linux-x86_64-debian-gcc 2.2.0 29.49 195.63 225.12 OK
r-devel-linux-x86_64-fedora-clang 2.2.0 357.25 OK
r-devel-linux-x86_64-fedora-gcc 2.2.0 364.06 OK
r-devel-windows-ix86+x86_64 2.2.0 81.00 323.00 404.00 OK
r-patched-linux-x86_64 2.2.0 23.11 255.88 278.99 OK
r-patched-solaris-x86 2.2.0 507.90 OK
r-release-linux-x86_64 2.2.0 26.39 256.10 282.49 OK
r-release-osx-x86_64 2.2.0 OK
r-release-windows-ix86+x86_64 2.2.0 61.00 330.00 391.00 OK
r-oldrel-osx-x86_64 2.2.0 ERROR
r-oldrel-windows-ix86+x86_64 2.2.0 55.00 241.00 296.00 OK

Check Details

Version: 2.2.0
Check: package dependencies
Result: ERROR
    Package required but not available: ‘WGCNA’
    
    See section ‘The DESCRIPTION file’ in the ‘Writing R Extensions’
    manual.
Flavor: r-oldrel-osx-x86_64