CRAN Package Check Results for Package MODIStsp

Last updated on 2020-09-21 01:53:14 CEST.

Flavor Version Tinstall Tcheck Ttotal Status Flags
r-devel-linux-x86_64-debian-clang 2.0.2 12.15 132.91 145.06 ERROR
r-devel-linux-x86_64-debian-gcc 2.0.2 10.65 98.71 109.36 ERROR
r-devel-linux-x86_64-fedora-clang 2.0.3 243.96 OK
r-devel-linux-x86_64-fedora-gcc 2.0.2 249.94 OK
r-devel-windows-ix86+x86_64 2.0.2 32.00 302.00 334.00 OK
r-patched-linux-x86_64 2.0.2 12.69 129.57 142.26 ERROR
r-patched-solaris-x86 2.0.3 256.10 WARN
r-release-linux-x86_64 2.0.2 15.26 129.00 144.26 ERROR
r-release-macos-x86_64 2.0.2 OK
r-release-windows-ix86+x86_64 2.0.2 32.00 289.00 321.00 OK
r-oldrel-macos-x86_64 2.0.2 WARN
r-oldrel-windows-ix86+x86_64 2.0.2 19.00 217.00 236.00 OK

Check Details

Version: 2.0.2
Check: examples
Result: ERROR
    Running examples in 'MODIStsp-Ex.R' failed
    The error most likely occurred in:
    
    > base::assign(".ptime", proc.time(), pos = "CheckExEnv")
    > ### Name: MODIStsp_get_prodlayers
    > ### Title: Retrieve the names of MODIS layers for a product
    > ### Aliases: MODIStsp_get_prodlayers
    >
    > ### ** Examples
    >
    >
    > # Get layers of product M*13Q1 based on code
    > MODIStsp_get_prodlayers("M*13Q1")
    Reading the MODIS products' characteristics from XML. Please wait!
    Warning in gzfile(file, "wb") :
     cannot open compressed file '/home/hornik/tmp/R.check/r-devel-clang/Work/build/Packages/MODIStsp/ExtData/Previous/MODIStsp_ProdOpts.RData', probable reason 'Read-only file system'
    Error in gzfile(file, "wb") : cannot open the connection
    Calls: MODIStsp_get_prodlayers ... load_prodopts -> MODIStsp_read_xml -> save -> gzfile
    Execution halted
Flavor: r-devel-linux-x86_64-debian-clang

Version: 2.0.2
Check: re-building of vignette outputs
Result: WARN
    Error(s) in re-building vignettes:
     ...
    --- re-building 'MODIStsp.Rmd' using rmarkdown
    Reading the MODIS products' characteristics from XML. Please wait!
    Warning in gzfile(file, "wb") :
     cannot open compressed file '/home/hornik/tmp/R.check/r-devel-clang/Work/build/Packages/MODIStsp/ExtData/Previous/MODIStsp_ProdOpts.RData', probable reason 'Read-only file system'
    Quitting from lines 170-172 (MODIStsp.Rmd)
    Error: processing vignette 'MODIStsp.Rmd' failed with diagnostics:
    cannot open the connection
    --- failed re-building 'MODIStsp.Rmd'
    
    SUMMARY: processing the following file failed:
     'MODIStsp.Rmd'
    
    Error: Vignette re-building failed.
    Execution halted
Flavor: r-devel-linux-x86_64-debian-clang

Version: 2.0.2
Check: examples
Result: ERROR
    Running examples in ‘MODIStsp-Ex.R’ failed
    The error most likely occurred in:
    
    > base::assign(".ptime", proc.time(), pos = "CheckExEnv")
    > ### Name: MODIStsp_get_prodlayers
    > ### Title: Retrieve the names of MODIS layers for a product
    > ### Aliases: MODIStsp_get_prodlayers
    >
    > ### ** Examples
    >
    >
    > # Get layers of product M*13Q1 based on code
    > MODIStsp_get_prodlayers("M*13Q1")
    Reading the MODIS products' characteristics from XML. Please wait!
    Warning in gzfile(file, "wb") :
     cannot open compressed file '/home/hornik/tmp/R.check/r-devel-gcc/Work/build/Packages/MODIStsp/ExtData/Previous/MODIStsp_ProdOpts.RData', probable reason 'Read-only file system'
    Error in gzfile(file, "wb") : cannot open the connection
    Calls: MODIStsp_get_prodlayers ... load_prodopts -> MODIStsp_read_xml -> save -> gzfile
    Execution halted
Flavor: r-devel-linux-x86_64-debian-gcc

Version: 2.0.2
Check: re-building of vignette outputs
Result: WARN
    Error(s) in re-building vignettes:
     ...
    --- re-building ‘MODIStsp.Rmd’ using rmarkdown
    Reading the MODIS products' characteristics from XML. Please wait!
    Warning in gzfile(file, "wb") :
     cannot open compressed file ‘/home/hornik/tmp/R.check/r-devel-gcc/Work/build/Packages/MODIStsp/ExtData/Previous/MODIStsp_ProdOpts.RData’, probable reason ‘Read-only file system’
    Quitting from lines 170-172 (MODIStsp.Rmd)
    Error: processing vignette 'MODIStsp.Rmd' failed with diagnostics:
    cannot open the connection
    --- failed re-building ‘MODIStsp.Rmd’
    
    SUMMARY: processing the following file failed:
     ‘MODIStsp.Rmd’
    
    Error: Vignette re-building failed.
    Execution halted
Flavor: r-devel-linux-x86_64-debian-gcc

Version: 2.0.2
Check: examples
Result: ERROR
    Running examples in ‘MODIStsp-Ex.R’ failed
    The error most likely occurred in:
    
    > base::assign(".ptime", proc.time(), pos = "CheckExEnv")
    > ### Name: MODIStsp_get_prodlayers
    > ### Title: Retrieve the names of MODIS layers for a product
    > ### Aliases: MODIStsp_get_prodlayers
    >
    > ### ** Examples
    >
    >
    > # Get layers of product M*13Q1 based on code
    > MODIStsp_get_prodlayers("M*13Q1")
    Reading the MODIS products' characteristics from XML. Please wait!
    Warning in gzfile(file, "wb") :
     cannot open compressed file '/home/hornik/tmp/R.check/r-patched-gcc/Work/build/Packages/MODIStsp/ExtData/Previous/MODIStsp_ProdOpts.RData', probable reason 'Read-only file system'
    Error in gzfile(file, "wb") : cannot open the connection
    Calls: MODIStsp_get_prodlayers ... load_prodopts -> MODIStsp_read_xml -> save -> gzfile
    Execution halted
Flavor: r-patched-linux-x86_64

Version: 2.0.2
Check: re-building of vignette outputs
Result: WARN
    Error(s) in re-building vignettes:
     ...
    --- re-building ‘MODIStsp.Rmd’ using rmarkdown
    Reading the MODIS products' characteristics from XML. Please wait!
    Warning in gzfile(file, "wb") :
     cannot open compressed file ‘/home/hornik/tmp/R.check/r-patched-gcc/Work/build/Packages/MODIStsp/ExtData/Previous/MODIStsp_ProdOpts.RData’, probable reason ‘Read-only file system’
    Quitting from lines 170-172 (MODIStsp.Rmd)
    Error: processing vignette 'MODIStsp.Rmd' failed with diagnostics:
    cannot open the connection
    --- failed re-building ‘MODIStsp.Rmd’
    
    SUMMARY: processing the following file failed:
     ‘MODIStsp.Rmd’
    
    Error: Vignette re-building failed.
    Execution halted
Flavor: r-patched-linux-x86_64

Version: 2.0.3
Check: re-building of vignette outputs
Result: WARN
    Error(s) in re-building vignettes:
     ...
    --- re-building ‘MODIStsp.Rmd’ using rmarkdown
    Warning in engine$weave(file, quiet = quiet, encoding = enc) :
     Pandoc (>= 1.12.3) and/or pandoc-citeproc not available. Falling back to R Markdown v1.
    Warning in CPL_gdalbuildvrt(source, destination, options, oo, quiet) :
     GDAL Error 4: `/tmp/RtmpJ.aqMq/working_dir/Rtmp8HaOzZ/MODIStsp/HDFs/MOD13A2.A2020161.h18v04.006.2020178013347.hdf' not recognized as a supported file format.
    Warning in CPL_gdalbuildvrt(source, destination, options, oo, quiet) :
     GDAL Message 1: Can't open /tmp/RtmpJ.aqMq/working_dir/Rtmp8HaOzZ/MODIStsp/HDFs/MOD13A2.A2020161.h18v04.006.2020178013347.hdf. Skipping it
    Quitting from lines 179-206 (MODIStsp.Rmd)
    Error: processing vignette 'MODIStsp.Rmd' failed with diagnostics:
    gdal_utils buildvrt: an error occured
    --- failed re-building ‘MODIStsp.Rmd’
    
    SUMMARY: processing the following file failed:
     ‘MODIStsp.Rmd’
    
    Error: Vignette re-building failed.
    Execution halted
Flavor: r-patched-solaris-x86

Version: 2.0.2
Check: examples
Result: ERROR
    Running examples in ‘MODIStsp-Ex.R’ failed
    The error most likely occurred in:
    
    > base::assign(".ptime", proc.time(), pos = "CheckExEnv")
    > ### Name: MODIStsp_get_prodlayers
    > ### Title: Retrieve the names of MODIS layers for a product
    > ### Aliases: MODIStsp_get_prodlayers
    >
    > ### ** Examples
    >
    >
    > # Get layers of product M*13Q1 based on code
    > MODIStsp_get_prodlayers("M*13Q1")
    Reading the MODIS products' characteristics from XML. Please wait!
    Warning in gzfile(file, "wb") :
     cannot open compressed file '/home/hornik/tmp/R.check/r-release-gcc/Work/build/Packages/MODIStsp/ExtData/Previous/MODIStsp_ProdOpts.RData', probable reason 'Read-only file system'
    Error in gzfile(file, "wb") : cannot open the connection
    Calls: MODIStsp_get_prodlayers ... load_prodopts -> MODIStsp_read_xml -> save -> gzfile
    Execution halted
Flavor: r-release-linux-x86_64

Version: 2.0.2
Check: re-building of vignette outputs
Result: WARN
    Error(s) in re-building vignettes:
     ...
    --- re-building ‘MODIStsp.Rmd’ using rmarkdown
    Reading the MODIS products' characteristics from XML. Please wait!
    Warning in gzfile(file, "wb") :
     cannot open compressed file ‘/home/hornik/tmp/R.check/r-release-gcc/Work/build/Packages/MODIStsp/ExtData/Previous/MODIStsp_ProdOpts.RData’, probable reason ‘Read-only file system’
    Quitting from lines 170-172 (MODIStsp.Rmd)
    Error: processing vignette 'MODIStsp.Rmd' failed with diagnostics:
    cannot open the connection
    --- failed re-building ‘MODIStsp.Rmd’
    
    SUMMARY: processing the following file failed:
     ‘MODIStsp.Rmd’
    
    Error: Vignette re-building failed.
    Execution halted
Flavor: r-release-linux-x86_64

Version: 2.0.2
Check: re-building of vignette outputs
Result: WARN
    Error(s) in re-building vignettes:
     ...
    --- re-building ‘MODIStsp.Rmd’ using rmarkdown
    Warning in engine$weave(file, quiet = quiet, encoding = enc) :
     Pandoc (>= 1.12.3) and/or pandoc-citeproc not available. Falling back to R Markdown v1.
    Warning in CPL_gdalbuildvrt(source, destination, options, oo) :
     GDAL Error 4: `/tmp/RtmpZjydor/MODIStsp/HDFs/MOD13A2.A2020161.h18v04.006.2020178013347.hdf' not recognized as a supported file format.
    Warning in CPL_gdalbuildvrt(source, destination, options, oo) :
     GDAL Message 1: Can't open /tmp/RtmpZjydor/MODIStsp/HDFs/MOD13A2.A2020161.h18v04.006.2020178013347.hdf. Skipping it
    Quitting from lines 179-206 (MODIStsp.Rmd)
    Error: processing vignette 'MODIStsp.Rmd' failed with diagnostics:
    gdal_utils buildvrt: an error occured
    --- failed re-building ‘MODIStsp.Rmd’
    
    SUMMARY: processing the following file failed:
     ‘MODIStsp.Rmd’
    
    Error: Vignette re-building failed.
    Execution halted
Flavor: r-oldrel-macos-x86_64