CRAN Package Check Results for Package MNP

Last updated on 2024-06-13 06:58:09 CEST.

Flavor Version Tinstall Tcheck Ttotal Status Flags
r-devel-linux-x86_64-debian-clang 3.1-4 6.33 53.50 59.83 OK
r-devel-linux-x86_64-debian-gcc 3.1-4 4.57 37.31 41.88 ERROR
r-devel-linux-x86_64-fedora-clang 3.1-4 74.65 OK
r-devel-linux-x86_64-fedora-gcc 3.1-4 86.89 OK
r-devel-windows-x86_64 3.1-4 8.00 90.00 98.00 OK
r-patched-linux-x86_64 3.1-4 5.60 51.89 57.49 OK
r-release-linux-x86_64 3.1-4 5.54 53.48 59.02 OK
r-release-macos-arm64 3.1-4 37.00 OK
r-release-macos-x86_64 3.1-4 71.00 OK
r-release-windows-x86_64 3.1-4 9.00 92.00 101.00 OK
r-oldrel-macos-arm64 3.1-4 36.00 OK
r-oldrel-macos-x86_64 3.1-4 55.00 OK
r-oldrel-windows-x86_64 3.1-4 8.00 90.00 98.00 OK

Check Details

Version: 3.1-4
Check: package dependencies
Result: NOTE Package suggested but not available for checking: ‘testthat’ Flavor: r-devel-linux-x86_64-debian-gcc

Version: 3.1-4
Check: tests
Result: ERROR Running ‘testthat.R’ [0s/1s] Running the tests in ‘tests/testthat.R’ failed. Complete output: > library(testthat) Error in library(testthat) : there is no package called 'testthat' Execution halted Flavor: r-devel-linux-x86_64-debian-gcc