CRAN Package Check Results for Package MNLpred

Last updated on 2020-06-01 13:49:41 CEST.

Flavor Version Tinstall Tcheck Ttotal Status Flags
r-devel-linux-x86_64-debian-clang 0.0.2 2.11 28.05 30.16 ERROR
r-devel-linux-x86_64-debian-gcc 0.0.2 1.82 22.03 23.85 ERROR
r-devel-linux-x86_64-fedora-clang 0.0.2 75.02 OK
r-devel-linux-x86_64-fedora-gcc 0.0.2 68.01 OK
r-devel-windows-ix86+x86_64 0.0.2 7.00 84.00 91.00 OK
r-patched-linux-x86_64 0.0.2 2.15 53.93 56.08 OK
r-patched-solaris-x86 0.0.2 100.10 OK
r-release-linux-x86_64 0.0.2 2.26 53.80 56.06 OK
r-release-osx-x86_64 0.0.2 OK
r-release-windows-ix86+x86_64 0.0.2 9.00 61.00 70.00 OK
r-oldrel-osx-x86_64 0.0.2 OK
r-oldrel-windows-ix86+x86_64 0.0.2 9.00 66.00 75.00 OK

Check Details

Version: 0.0.2
Check: tests
Result: ERROR
     Running 'testthat.R' [2s/4s]
    Running the tests in 'tests/testthat.R' failed.
    Complete output:
     > library(testthat)
     > library(MNLpred)
     >
     > test_check("MNLpred")
     -- 1. Error: mnl_pred_ova() returns two predictions when by = NULL (@test_inputv
     cannot open URL 'https://stats.idre.ucla.edu/stat/data/hsbdemo.dta'
     Backtrace:
     1. foreign::read.dta("https://stats.idre.ucla.edu/stat/data/hsbdemo.dta")
     2. utils::download.file(file, tmp, quiet = TRUE, mode = "wb")
    
     -- 2. Error: mnl_pred_ova() returns dataframes with correct number of rows (@tes
     cannot open URL 'https://stats.idre.ucla.edu/stat/data/hsbdemo.dta'
     Backtrace:
     1. foreign::read.dta("https://stats.idre.ucla.edu/stat/data/hsbdemo.dta")
     2. utils::download.file(file, tmp, quiet = TRUE, mode = "wb")
    
     == testthat results ===========================================================
     [ OK: 0 | SKIPPED: 0 | WARNINGS: 2 | FAILED: 2 ]
     1. Error: mnl_pred_ova() returns two predictions when by = NULL (@test_inputvariants.R#9)
     2. Error: mnl_pred_ova() returns dataframes with correct number of rows (@test_inputvariants.R#28)
    
     Error: testthat unit tests failed
     Execution halted
Flavor: r-devel-linux-x86_64-debian-clang

Version: 0.0.2
Check: re-building of vignette outputs
Result: WARN
    Error(s) in re-building vignettes:
     ...
    --- re-building 'OVA_Predictions_For_MNL.Rmd' using rmarkdown
    Quitting from lines 98-100 (OVA_Predictions_For_MNL.Rmd)
    Error: processing vignette 'OVA_Predictions_For_MNL.Rmd' failed with diagnostics:
    cannot open URL 'https://stats.idre.ucla.edu/stat/data/hsbdemo.dta'
    --- failed re-building 'OVA_Predictions_For_MNL.Rmd'
    
    SUMMARY: processing the following file failed:
     'OVA_Predictions_For_MNL.Rmd'
    
    Error: Vignette re-building failed.
    Execution halted
Flavors: r-devel-linux-x86_64-debian-clang, r-devel-linux-x86_64-debian-gcc

Version: 0.0.2
Check: tests
Result: ERROR
     Running ‘testthat.R’ [1s/4s]
    Running the tests in ‘tests/testthat.R’ failed.
    Complete output:
     > library(testthat)
     > library(MNLpred)
     >
     > test_check("MNLpred")
     ── 1. Error: mnl_pred_ova() returns two predictions when by = NULL (@test_inputv
     cannot open URL 'https://stats.idre.ucla.edu/stat/data/hsbdemo.dta'
     Backtrace:
     1. foreign::read.dta("https://stats.idre.ucla.edu/stat/data/hsbdemo.dta")
     2. utils::download.file(file, tmp, quiet = TRUE, mode = "wb")
    
     ── 2. Error: mnl_pred_ova() returns dataframes with correct number of rows (@tes
     cannot open URL 'https://stats.idre.ucla.edu/stat/data/hsbdemo.dta'
     Backtrace:
     1. foreign::read.dta("https://stats.idre.ucla.edu/stat/data/hsbdemo.dta")
     2. utils::download.file(file, tmp, quiet = TRUE, mode = "wb")
    
     ══ testthat results ═══════════════════════════════════════════════════════════
     [ OK: 0 | SKIPPED: 0 | WARNINGS: 2 | FAILED: 2 ]
     1. Error: mnl_pred_ova() returns two predictions when by = NULL (@test_inputvariants.R#9)
     2. Error: mnl_pred_ova() returns dataframes with correct number of rows (@test_inputvariants.R#28)
    
     Error: testthat unit tests failed
     Execution halted
Flavor: r-devel-linux-x86_64-debian-gcc