CRAN Package Check Results for Package MNLR

Last updated on 2020-05-25 01:48:57 CEST.

Flavor Version Tinstall Tcheck Ttotal Status Flags
r-devel-linux-x86_64-debian-clang 0.1.0 2.34 18.13 20.47 OK
r-devel-linux-x86_64-debian-gcc 0.1.0 1.92 14.74 16.66 OK
r-devel-linux-x86_64-fedora-clang 0.1.0 27.54 NOTE
r-devel-linux-x86_64-fedora-gcc 0.1.0 25.08 NOTE
r-devel-windows-ix86+x86_64 0.1.0 14.00 32.00 46.00 OK
r-patched-linux-x86_64 0.1.0 2.49 18.91 21.40 OK
r-patched-solaris-x86 0.1.0 39.70 NOTE
r-release-linux-x86_64 0.1.0 2.14 18.46 20.60 OK
r-release-osx-x86_64 0.1.0 NOTE
r-release-windows-ix86+x86_64 0.1.0 21.00 44.00 65.00 OK
r-oldrel-osx-x86_64 0.1.0 NOTE
r-oldrel-windows-ix86+x86_64 0.1.0 7.00 47.00 54.00 OK

Check Details

Version: 0.1.0
Check: dependencies in R code
Result: NOTE
    Namespaces in Imports field not imported from:
     ‘caret’ ‘datasets’ ‘e1071’ ‘nnet’ ‘shiny’ ‘stats’
     All declared Imports should be used.
Flavors: r-devel-linux-x86_64-fedora-clang, r-devel-linux-x86_64-fedora-gcc, r-patched-solaris-x86, r-release-osx-x86_64, r-oldrel-osx-x86_64