CRAN Package Check Results for Package MMRcaseselection

Last updated on 2022-08-20 01:50:03 CEST.

Flavor Version Tinstall Tcheck Ttotal Status Flags
r-devel-linux-x86_64-debian-clang 0.1.0 4.86 64.29 69.15 NOTE
r-devel-linux-x86_64-debian-gcc 0.1.0 3.59 48.19 51.78 NOTE
r-devel-linux-x86_64-fedora-clang 0.1.0 92.06 NOTE
r-devel-linux-x86_64-fedora-gcc 0.1.0 89.82 NOTE
r-devel-windows-x86_64 0.1.0 25.00 93.00 118.00 NOTE
r-patched-linux-x86_64 0.1.0 7.40 59.33 66.73 NOTE
r-release-linux-x86_64 0.1.0 NOTE
r-release-macos-arm64 0.1.0 29.00 NOTE
r-release-macos-x86_64 0.1.0 55.00 NOTE
r-release-windows-x86_64 0.1.0 14.00 94.00 108.00 NOTE
r-oldrel-macos-arm64 0.1.0 35.00 NOTE
r-oldrel-macos-x86_64 0.1.0 56.00 NOTE
r-oldrel-windows-ix86+x86_64 0.1.0 14.00 96.00 110.00 NOTE

Check Details

Version: 0.1.0
Check: LazyData
Result: NOTE
     'LazyData' is specified without a 'data' directory
Flavors: r-devel-linux-x86_64-debian-clang, r-devel-linux-x86_64-debian-gcc, r-devel-linux-x86_64-fedora-clang, r-devel-linux-x86_64-fedora-gcc, r-devel-windows-x86_64, r-patched-linux-x86_64, r-release-linux-x86_64, r-release-macos-arm64, r-release-macos-x86_64, r-release-windows-x86_64, r-oldrel-macos-arm64, r-oldrel-macos-x86_64, r-oldrel-windows-ix86+x86_64