Last updated on 2023-02-02 21:50:11 CET.
Flavor | Version | Tinstall | Tcheck | Ttotal | Status | Flags |
---|---|---|---|---|---|---|
r-devel-linux-x86_64-debian-clang | 1.0.6 | 47.43 | 485.84 | 533.27 | NOTE | |
r-devel-linux-x86_64-debian-gcc | 1.0.6 | 42.14 | 370.54 | 412.68 | NOTE | |
r-devel-linux-x86_64-fedora-clang | 1.0.6 | 737.70 | NOTE | |||
r-devel-linux-x86_64-fedora-gcc | 1.0.6 | 748.20 | NOTE | |||
r-devel-windows-x86_64 | 1.0.6 | 52.00 | 560.00 | 612.00 | OK | |
r-patched-linux-x86_64 | 1.0.6 | 35.58 | 469.06 | 504.64 | NOTE | |
r-release-linux-x86_64 | 1.0.6 | 36.40 | 471.42 | 507.82 | NOTE | |
r-release-macos-arm64 | 1.0.6 | 170.00 | OK | |||
r-release-macos-x86_64 | 1.0.6 | 243.00 | OK | |||
r-release-windows-x86_64 | 1.0.6 | 57.00 | 553.00 | 610.00 | OK | |
r-oldrel-macos-arm64 | 1.0.6 | 245.00 | OK | |||
r-oldrel-macos-x86_64 | 1.0.6 | 376.00 | OK | |||
r-oldrel-windows-ix86+x86_64 | 1.0.6 | 96.00 | 496.00 | 592.00 | OK |
Version: 1.0.6
Check: for non-standard things in the check directory
Result: NOTE
Found the following files/directories:
‘MM2S_Predictions_Heatmap.pdf’ ‘MM2S_Predictions_StackedBarplot.pdf’
Flavors: r-devel-linux-x86_64-debian-clang, r-devel-linux-x86_64-debian-gcc, r-devel-linux-x86_64-fedora-clang, r-devel-linux-x86_64-fedora-gcc, r-patched-linux-x86_64, r-release-linux-x86_64