CRAN Package Check Results for Package MLmetrics

Last updated on 2024-05-26 07:10:28 CEST.

Flavor Version Tinstall Tcheck Ttotal Status Flags
r-devel-linux-x86_64-debian-clang 1.1.3 2.25 25.88 28.13 OK
r-devel-linux-x86_64-debian-gcc 1.1.3 1.83 19.55 21.38 OK
r-devel-linux-x86_64-fedora-clang 1.1.3 35.40 NOTE
r-devel-linux-x86_64-fedora-gcc 1.1.3 33.08 NOTE
r-devel-windows-x86_64 1.1.3 3.00 47.00 50.00 OK
r-patched-linux-x86_64 1.1.3 3.08 24.68 27.76 OK
r-release-linux-x86_64 1.1.3 2.06 23.97 26.03 OK
r-release-macos-arm64 1.1.3 16.00 OK
r-release-macos-x86_64 1.1.3 36.00 OK
r-release-windows-x86_64 1.1.3 3.00 47.00 50.00 OK
r-oldrel-macos-arm64 1.1.3 20.00 OK
r-oldrel-macos-x86_64 1.1.3 30.00 OK
r-oldrel-windows-x86_64 1.1.3 3.00 48.00 51.00 OK

Check Details

Version: 1.1.3
Check: dependencies in R code
Result: NOTE Namespace in Imports field not imported from: ‘utils’ All declared Imports should be used. Flavors: r-devel-linux-x86_64-fedora-clang, r-devel-linux-x86_64-fedora-gcc