CRAN Package Check Results for Package MLmetrics

Last updated on 2022-08-12 00:49:52 CEST.

Flavor Version Tinstall Tcheck Ttotal Status Flags
r-devel-linux-x86_64-debian-clang 1.1.1 2.72 26.44 29.16 NOTE
r-devel-linux-x86_64-debian-gcc 1.1.1 1.84 20.38 22.22 NOTE
r-devel-linux-x86_64-fedora-clang 1.1.1 45.74 NOTE
r-devel-linux-x86_64-fedora-gcc 1.1.1 44.76 NOTE
r-devel-windows-x86_64 1.1.1 30.00 56.00 86.00 NOTE
r-patched-linux-x86_64 1.1.1 1.89 24.99 26.88 NOTE
r-release-linux-x86_64 1.1.1 2.60 24.85 27.45 NOTE
r-release-macos-arm64 1.1.1 15.00 NOTE
r-release-macos-x86_64 1.1.1 24.00 NOTE
r-release-windows-x86_64 1.1.1 27.00 51.00 78.00 NOTE
r-oldrel-macos-arm64 1.1.1 20.00 NOTE
r-oldrel-macos-x86_64 1.1.1 29.00 NOTE
r-oldrel-windows-ix86+x86_64 1.1.1 7.00 53.00 60.00 NOTE

Check Details

Version: 1.1.1
Check: LazyData
Result: NOTE
     'LazyData' is specified without a 'data' directory
Flavors: r-devel-linux-x86_64-debian-clang, r-devel-linux-x86_64-debian-gcc, r-devel-linux-x86_64-fedora-clang, r-devel-linux-x86_64-fedora-gcc, r-devel-windows-x86_64, r-patched-linux-x86_64, r-release-linux-x86_64, r-release-macos-arm64, r-release-macos-x86_64, r-release-windows-x86_64, r-oldrel-macos-arm64, r-oldrel-macos-x86_64, r-oldrel-windows-ix86+x86_64

Version: 1.1.1
Check: dependencies in R code
Result: NOTE
    Namespace in Imports field not imported from: ‘utils’
     All declared Imports should be used.
Flavors: r-devel-linux-x86_64-fedora-clang, r-devel-linux-x86_64-fedora-gcc, r-release-macos-arm64, r-release-macos-x86_64, r-oldrel-macos-arm64, r-oldrel-macos-x86_64