CRAN Package Check Results for Package MLZ

Last updated on 2022-09-25 12:56:02 CEST.

Flavor Version Tinstall Tcheck Ttotal Status Flags
r-devel-linux-x86_64-debian-clang 0.1.4 149.39 152.90 302.29 NOTE
r-devel-linux-x86_64-debian-gcc 0.1.4 105.29 117.57 222.86 NOTE
r-devel-linux-x86_64-fedora-clang 0.1.4 377.69 NOTE
r-devel-linux-x86_64-fedora-gcc 0.1.4 360.43 NOTE
r-devel-windows-x86_64 0.1.4 94.00 201.00 295.00 NOTE
r-patched-linux-x86_64 0.1.4 111.91 144.25 256.16 OK
r-release-linux-x86_64 0.1.4 103.29 141.55 244.84 OK
r-release-macos-arm64 0.1.4 122.00 NOTE
r-release-macos-x86_64 0.1.4 189.00 NOTE
r-release-windows-x86_64 0.1.4 89.00 203.00 292.00 NOTE
r-oldrel-macos-arm64 0.1.4 95.00 NOTE
r-oldrel-macos-x86_64 0.1.4 123.00 NOTE
r-oldrel-windows-ix86+x86_64 0.1.4 254.00 228.00 482.00 NOTE

Check Details

Version: 0.1.4
Check: package subdirectories
Result: NOTE
    Problems with news in 'NEWS.md':
    No news entries found.
Flavors: r-devel-linux-x86_64-debian-clang, r-devel-linux-x86_64-debian-gcc, r-devel-linux-x86_64-fedora-clang, r-devel-linux-x86_64-fedora-gcc, r-devel-windows-x86_64

Version: 0.1.4
Check: installed package size
Result: NOTE
     installed size is 13.6Mb
     sub-directories of 1Mb or more:
     libs 13.2Mb
Flavors: r-devel-windows-x86_64, r-release-macos-arm64, r-release-macos-x86_64, r-release-windows-x86_64, r-oldrel-macos-arm64, r-oldrel-macos-x86_64, r-oldrel-windows-ix86+x86_64