CRAN Package Check Results for Package MLRShiny

Last updated on 2020-09-22 14:05:03 CEST.

Flavor Version Tinstall Tcheck Ttotal Status Flags
r-devel-linux-x86_64-debian-clang 0.1.0 2.08 18.46 20.54 OK
r-devel-linux-x86_64-debian-gcc 0.1.0 1.75 14.57 16.32 OK
r-devel-linux-x86_64-fedora-clang 0.1.0 34.04 NOTE
r-devel-linux-x86_64-fedora-gcc 0.1.0 24.66 NOTE
r-devel-windows-ix86+x86_64 0.1.0 12.00 36.00 48.00 OK
r-patched-linux-x86_64 0.1.0 1.43 17.95 19.38 OK
r-patched-solaris-x86 0.1.0 39.90 NOTE
r-release-linux-x86_64 0.1.0 1.36 17.98 19.34 OK
r-release-macos-x86_64 0.1.0 NOTE
r-release-windows-ix86+x86_64 0.1.0 7.00 35.00 42.00 OK
r-oldrel-macos-x86_64 0.1.0 NOTE
r-oldrel-windows-ix86+x86_64 0.1.0 3.00 29.00 32.00 OK

Check Details

Version: 0.1.0
Check: dependencies in R code
Result: NOTE
    Namespaces in Imports field not imported from:
     ‘QuantPsyc’ ‘corrgram’ ‘dplyr’ ‘forecast’ ‘psych’ ‘shinyAce’
     All declared Imports should be used.
Flavors: r-devel-linux-x86_64-fedora-clang, r-devel-linux-x86_64-fedora-gcc, r-patched-solaris-x86, r-release-macos-x86_64, r-oldrel-macos-x86_64