CRAN Package Check Results for Package MLID

Last updated on 2020-10-30 07:50:00 CET.

Flavor Version Tinstall Tcheck Ttotal Status Flags
r-devel-linux-x86_64-debian-clang 1.0.1 7.98 86.46 94.44 OK
r-devel-linux-x86_64-debian-gcc 1.0.1 6.91 68.37 75.28 OK
r-devel-linux-x86_64-fedora-clang 1.0.1 144.03 NOTE
r-devel-linux-x86_64-fedora-gcc 1.0.1 125.22 NOTE
r-devel-windows-ix86+x86_64 1.0.1 17.00 123.00 140.00 OK
r-patched-linux-x86_64 1.0.1 6.48 86.20 92.68 OK
r-patched-solaris-x86 1.0.1 192.70 NOTE
r-release-linux-x86_64 1.0.1 7.02 85.72 92.74 OK
r-release-macos-x86_64 1.0.1 NOTE
r-release-windows-ix86+x86_64 1.0.1 12.00 97.00 109.00 OK
r-oldrel-macos-x86_64 1.0.1 NOTE
r-oldrel-windows-ix86+x86_64 1.0.1 20.00 117.00 137.00 OK

Check Details

Version: 1.0.1
Check: dependencies in R code
Result: NOTE
    Namespace in Imports field not imported from: ‘nlme’
     All declared Imports should be used.
Flavors: r-devel-linux-x86_64-fedora-clang, r-devel-linux-x86_64-fedora-gcc, r-patched-solaris-x86, r-release-macos-x86_64, r-oldrel-macos-x86_64