CRAN Package Check Results for Package MInt

Last updated on 2020-10-29 13:48:49 CET.

Flavor Version Tinstall Tcheck Ttotal Status Flags
r-devel-linux-x86_64-debian-clang 1.0.1 2.72 37.24 39.96 NOTE
r-devel-linux-x86_64-debian-gcc 1.0.1 2.42 28.31 30.73 NOTE
r-devel-linux-x86_64-fedora-clang 1.0.1 55.76 NOTE
r-devel-linux-x86_64-fedora-gcc 1.0.1 51.33 NOTE
r-devel-windows-ix86+x86_64 1.0.1 7.00 53.00 60.00 NOTE
r-patched-linux-x86_64 1.0.1 2.94 35.07 38.01 NOTE
r-patched-solaris-x86 1.0.1 70.20 NOTE
r-release-linux-x86_64 1.0.1 2.58 35.97 38.55 NOTE
r-release-macos-x86_64 1.0.1 NOTE
r-release-windows-ix86+x86_64 1.0.1 6.00 52.00 58.00 NOTE
r-oldrel-macos-x86_64 1.0.1 NOTE
r-oldrel-windows-ix86+x86_64 1.0.1 5.00 53.00 58.00 NOTE

Check Details

Version: 1.0.1
Check: R code for possible problems
Result: NOTE
    read_design: no visible global function definition for 'model.frame'
    read_design: no visible global function definition for 'read.table'
    read_design: no visible global function definition for 'model.matrix'
    read_response: no visible global function definition for 'read.table'
    update_beta: no visible global function definition for 'update'
    update_beta: no visible global function definition for 'glm'
    update_beta: no visible global function definition for 'poisson'
    Undefined global functions or variables:
     glm model.frame model.matrix poisson read.table update
    Consider adding
     importFrom("stats", "glm", "model.frame", "model.matrix", "poisson",
     "update")
     importFrom("utils", "read.table")
    to your NAMESPACE file.
Flavors: r-devel-linux-x86_64-debian-clang, r-devel-linux-x86_64-debian-gcc, r-devel-linux-x86_64-fedora-clang, r-devel-linux-x86_64-fedora-gcc, r-devel-windows-ix86+x86_64, r-patched-linux-x86_64, r-patched-solaris-x86, r-release-linux-x86_64, r-release-macos-x86_64, r-release-windows-ix86+x86_64, r-oldrel-macos-x86_64, r-oldrel-windows-ix86+x86_64