CRAN Package Check Results for Package MFPCA

Last updated on 2020-08-05 13:49:28 CEST.

Flavor Version Tinstall Tcheck Ttotal Status Flags
r-devel-linux-x86_64-debian-clang 1.3-5 12.34 274.47 286.81 OK
r-devel-linux-x86_64-debian-gcc 1.3-5 10.75 207.22 217.97 OK
r-devel-linux-x86_64-fedora-clang 1.3-5 356.31 NOTE
r-devel-linux-x86_64-fedora-gcc 1.3-5 335.31 OK
r-devel-windows-ix86+x86_64 1.3-5 32.00 599.00 631.00 OK
r-patched-linux-x86_64 1.3-5 11.98 271.86 283.84 OK
r-patched-solaris-x86 1.3-5 726.10 OK
r-release-linux-x86_64 1.3-5 11.36 267.13 278.49 OK
r-release-macos-x86_64 1.3-5 OK
r-release-windows-ix86+x86_64 1.3-5 35.00 609.00 644.00 OK
r-oldrel-macos-x86_64 1.3-5 OK
r-oldrel-windows-ix86+x86_64 1.3-5 20.00 567.00 587.00 OK

Additional issues

MKL

Check Details

Version: 1.3-5
Check: Rd cross-references
Result: NOTE
    Undeclared package ‘refund’ in Rd xrefs
Flavor: r-devel-linux-x86_64-fedora-clang