CRAN Package Check Results for Package MEDseq

Last updated on 2020-06-01 13:49:41 CEST.

Flavor Version Tinstall Tcheck Ttotal Status Flags
r-devel-linux-x86_64-debian-clang 1.1.1 17.67 278.40 296.07 OK
r-devel-linux-x86_64-debian-gcc 1.1.1 14.44 194.43 208.87 OK
r-devel-linux-x86_64-fedora-clang 1.1.1 352.82 OK
r-devel-linux-x86_64-fedora-gcc 1.1.1 342.96 OK
r-devel-windows-ix86+x86_64 1.1.1 49.00 366.00 415.00 OK
r-patched-linux-x86_64 1.1.1 11.44 257.90 269.34 OK
r-patched-solaris-x86 1.1.1 525.10 OK
r-release-linux-x86_64 1.1.1 12.49 258.86 271.35 OK
r-release-osx-x86_64 1.1.1 OK
r-release-windows-ix86+x86_64 1.1.1 36.00 364.00 400.00 OK
r-oldrel-osx-x86_64 1.1.1 ERROR
r-oldrel-windows-ix86+x86_64 1.1.0 27.00 280.00 307.00 OK

Check Details

Version: 1.1.1
Check: whether package can be installed
Result: ERROR
    Installation failed.
Flavor: r-oldrel-osx-x86_64