CRAN Package Check Results for Package MDplot

Last updated on 2021-02-26 01:48:30 CET.

Flavor Version Tinstall Tcheck Ttotal Status Flags
r-devel-linux-x86_64-debian-clang 1.0.1 6.32 68.28 74.60 OK
r-devel-linux-x86_64-debian-gcc 1.0.1 4.70 51.17 55.87 OK
r-devel-linux-x86_64-fedora-clang 1.0.1 107.18 NOTE
r-devel-linux-x86_64-fedora-gcc 1.0.1 90.35 OK
r-devel-windows-ix86+x86_64 1.0.1 11.00 57.00 68.00 NOTE
r-patched-linux-x86_64 1.0.1 6.22 66.72 72.94 OK
r-patched-solaris-x86 1.0.1 126.40 NOTE
r-release-linux-x86_64 1.0.1 6.93 66.26 73.19 OK
r-release-macos-x86_64 1.0.1 NOTE
r-release-windows-ix86+x86_64 1.0.1 13.00 84.00 97.00 NOTE
r-oldrel-macos-x86_64 1.0.1 NOTE
r-oldrel-windows-ix86+x86_64 1.0.1 9.00 79.00 88.00 NOTE

Check Details

Version: 1.0.1
Check: installed package size
Result: NOTE
     installed size is 7.6Mb
     sub-directories of 1Mb or more:
     doc 1.9Mb
     extdata 5.3Mb
Flavors: r-devel-linux-x86_64-fedora-clang, r-devel-windows-ix86+x86_64, r-patched-solaris-x86, r-release-macos-x86_64, r-release-windows-ix86+x86_64, r-oldrel-macos-x86_64, r-oldrel-windows-ix86+x86_64