CRAN Package Check Results for Package MCPModGeneral

Last updated on 2023-01-30 12:55:23 CET.

Flavor Version Tinstall Tcheck Ttotal Status Flags
r-devel-linux-x86_64-debian-clang 0.1-1 7.01 93.30 100.31 NOTE
r-devel-linux-x86_64-debian-gcc 0.1-1 5.66 68.39 74.05 NOTE
r-devel-linux-x86_64-fedora-clang 0.1-1 120.39 NOTE
r-devel-linux-x86_64-fedora-gcc 0.1-1 146.12 NOTE
r-devel-windows-x86_64 0.1-1 27.00 145.00 172.00 NOTE
r-patched-linux-x86_64 0.1-1 7.33 89.82 97.15 NOTE
r-release-linux-x86_64 0.1-1 6.21 89.62 95.83 NOTE
r-release-macos-arm64 0.1-1 33.00 NOTE
r-release-macos-x86_64 0.1-1 40.00 NOTE
r-release-windows-x86_64 0.1-1 21.00 149.00 170.00 NOTE
r-oldrel-macos-arm64 0.1-1 46.00 NOTE
r-oldrel-macos-x86_64 0.1-1 59.00 NOTE
r-oldrel-windows-ix86+x86_64 0.1-1 18.00 136.00 154.00 NOTE

Check Details

Version: 0.1-1
Check: LazyData
Result: NOTE
     'LazyData' is specified without a 'data' directory
Flavors: r-devel-linux-x86_64-debian-clang, r-devel-linux-x86_64-debian-gcc, r-devel-linux-x86_64-fedora-clang, r-devel-linux-x86_64-fedora-gcc, r-devel-windows-x86_64, r-patched-linux-x86_64, r-release-linux-x86_64, r-release-macos-arm64, r-release-macos-x86_64, r-release-windows-x86_64, r-oldrel-macos-arm64, r-oldrel-macos-x86_64, r-oldrel-windows-ix86+x86_64