Last updated on 2023-02-01 00:52:41 CET.
Flavor | Version | Tinstall | Tcheck | Ttotal | Status | Flags |
---|---|---|---|---|---|---|
r-devel-linux-x86_64-debian-clang | 1.1 | 6.50 | 86.49 | 92.99 | OK | |
r-devel-linux-x86_64-debian-gcc | 1.1 | 5.97 | 65.56 | 71.53 | OK | |
r-devel-linux-x86_64-fedora-clang | 1.1 | 118.41 | NOTE | |||
r-devel-linux-x86_64-fedora-gcc | 1.1 | 162.47 | OK | |||
r-devel-windows-x86_64 | 1.1 | 25.00 | 148.00 | 173.00 | NOTE | |
r-patched-linux-x86_64 | 1.1 | 7.65 | 84.36 | 92.01 | OK | |
r-release-linux-x86_64 | 1.1 | 6.12 | 91.30 | 97.42 | OK | |
r-release-macos-arm64 | 1.1 | 57.00 | NOTE | |||
r-release-macos-x86_64 | 1.1 | 81.00 | NOTE | |||
r-release-windows-x86_64 | 1.1 | 24.00 | 171.00 | 195.00 | NOTE | |
r-oldrel-macos-arm64 | 1.1 | 48.00 | NOTE | |||
r-oldrel-macos-x86_64 | 1.1 | 111.00 | NOTE | |||
r-oldrel-windows-ix86+x86_64 | 1.1 | 18.00 | 133.00 | 151.00 | NOTE |
Version: 1.1
Check: installed package size
Result: NOTE
installed size is 7.4Mb
sub-directories of 1Mb or more:
doc 6.8Mb
Flavors: r-devel-linux-x86_64-fedora-clang, r-devel-windows-x86_64, r-release-macos-arm64, r-release-macos-x86_64, r-release-windows-x86_64, r-oldrel-macos-arm64, r-oldrel-macos-x86_64, r-oldrel-windows-ix86+x86_64