CRAN Package Check Results for Package MCDA

Last updated on 2022-10-06 21:49:57 CEST.

Flavor Version Tinstall Tcheck Ttotal Status Flags
r-devel-linux-x86_64-debian-clang 0.0.22 19.87 434.29 454.16 NOTE
r-devel-linux-x86_64-debian-gcc 0.0.22 15.62 355.60 371.22 NOTE
r-devel-linux-x86_64-fedora-clang 0.0.22 569.58 NOTE
r-devel-linux-x86_64-fedora-gcc 0.0.22 607.34 NOTE
r-devel-windows-x86_64 0.0.22 104.00 577.00 681.00 NOTE
r-patched-linux-x86_64 0.0.22 19.37 420.54 439.91 NOTE
r-release-linux-x86_64 0.0.22 18.19 420.22 438.41 NOTE
r-release-macos-arm64 0.0.22 216.00 NOTE
r-release-macos-x86_64 0.0.22 469.00 NOTE
r-release-windows-x86_64 0.0.22 102.00 555.00 657.00 NOTE
r-oldrel-macos-arm64 0.0.22 189.00 NOTE
r-oldrel-macos-x86_64 0.0.22 469.00 NOTE
r-oldrel-windows-ix86+x86_64 0.0.22 36.00 854.00 890.00 NOTE

Check Details

Version: 0.0.22
Check: package dependencies
Result: NOTE
    Package suggested but not available for checking: 'cplexAPI'
Flavors: r-devel-linux-x86_64-debian-clang, r-devel-linux-x86_64-debian-gcc, r-devel-linux-x86_64-fedora-clang, r-devel-linux-x86_64-fedora-gcc, r-devel-windows-x86_64, r-patched-linux-x86_64, r-release-linux-x86_64, r-release-macos-arm64, r-release-macos-x86_64, r-release-windows-x86_64, r-oldrel-macos-arm64, r-oldrel-macos-x86_64, r-oldrel-windows-ix86+x86_64