CRAN Package Check Results for Package MBESS

Last updated on 2025-01-15 21:48:27 CET.

Flavor Version Tinstall Tcheck Ttotal Status Flags
r-devel-linux-x86_64-debian-clang 4.9.3 18.79 97.20 115.99 NOTE
r-devel-linux-x86_64-debian-gcc 4.9.3 9.94 62.88 72.82 NOTE
r-devel-linux-x86_64-fedora-clang 4.9.3 189.34 OK
r-devel-linux-x86_64-fedora-gcc 4.9.3 167.83 OK
r-devel-windows-x86_64 4.9.3 20.00 115.00 135.00 NOTE
r-patched-linux-x86_64 4.9.3 25.13 88.53 113.66 OK
r-release-linux-x86_64 4.9.3 17.46 91.53 108.99 OK
r-release-macos-arm64 4.9.3 42.00 OK
r-release-macos-x86_64 4.9.3 65.00 OK
r-release-windows-x86_64 4.9.3 21.00 114.00 135.00 OK
r-oldrel-macos-arm64 4.9.3 42.00 OK
r-oldrel-macos-x86_64 4.9.3 88.00 OK
r-oldrel-windows-x86_64 4.9.3 22.00 146.00 168.00 OK

Check Details

Version: 4.9.3
Check: Rd cross-references
Result: NOTE Found the following Rd file(s) with Rd \link{} targets missing package anchors: upsilon.Rd: lavaan, boot Please provide package anchors for all Rd \link{} targets not in the package itself and the base packages. Flavors: r-devel-linux-x86_64-debian-clang, r-devel-linux-x86_64-debian-gcc, r-devel-windows-x86_64