CRAN Package Check Results for Package MBCbook

Last updated on 2020-10-26 13:47:02 CET.

Flavor Version Tinstall Tcheck Ttotal Status Flags
r-devel-linux-x86_64-debian-clang 0.1.1 4.06 54.08 58.14 OK
r-devel-linux-x86_64-debian-gcc 0.1.1 3.16 40.62 43.78 OK
r-devel-linux-x86_64-fedora-clang 0.1.1 77.11 NOTE
r-devel-linux-x86_64-fedora-gcc 0.1.1 72.92 NOTE
r-devel-windows-ix86+x86_64 0.1.1 9.00 70.00 79.00 OK
r-patched-linux-x86_64 0.1.1 3.97 50.31 54.28 OK
r-patched-solaris-x86 0.1.1 96.70 NOTE
r-release-linux-x86_64 0.1.1 4.23 50.31 54.54 OK
r-release-macos-x86_64 0.1.1 NOTE
r-release-windows-ix86+x86_64 0.1.1 8.00 59.00 67.00 OK
r-oldrel-macos-x86_64 0.1.1 NOTE
r-oldrel-windows-ix86+x86_64 0.1.1 8.00 62.00 70.00 OK

Check Details

Version: 0.1.1
Check: data for non-ASCII characters
Result: NOTE
     Note: found 66 marked UTF-8 strings
Flavors: r-devel-linux-x86_64-fedora-clang, r-devel-linux-x86_64-fedora-gcc, r-patched-solaris-x86, r-release-macos-x86_64, r-oldrel-macos-x86_64