CRAN Package Check Results for Package MAnorm2

Last updated on 2022-10-07 00:49:26 CEST.

Flavor Version Tinstall Tcheck Ttotal Status Flags
r-devel-linux-x86_64-debian-clang 1.2.1 8.27 339.72 347.99 OK
r-devel-linux-x86_64-debian-gcc 1.2.1 5.21 237.20 242.41 OK
r-devel-linux-x86_64-fedora-clang 1.2.1 431.75 NOTE
r-devel-linux-x86_64-fedora-gcc 1.2.1 428.58 OK
r-devel-windows-x86_64 1.2.1 32.00 576.00 608.00 NOTE
r-patched-linux-x86_64 1.2.1 10.04 327.51 337.55 OK
r-release-linux-x86_64 1.2.1 5.62 329.92 335.54 OK
r-release-macos-arm64 1.2.1 131.00 NOTE
r-release-macos-x86_64 1.2.1 146.00 NOTE
r-release-windows-x86_64 1.2.1 34.00 546.00 580.00 NOTE
r-oldrel-macos-arm64 1.2.1 116.00 NOTE
r-oldrel-macos-x86_64 1.2.1 150.00 NOTE
r-oldrel-windows-ix86+x86_64 1.2.1 16.00 386.00 402.00 NOTE

Check Details

Version: 1.2.1
Check: installed package size
Result: NOTE
     installed size is 5.3Mb
     sub-directories of 1Mb or more:
     data 1.3Mb
     doc 3.5Mb
Flavors: r-devel-linux-x86_64-fedora-clang, r-devel-windows-x86_64, r-release-macos-arm64, r-release-macos-x86_64, r-release-windows-x86_64, r-oldrel-macos-arm64, r-oldrel-macos-x86_64, r-oldrel-windows-ix86+x86_64