CRAN Package Check Results for Package MARVEL

Last updated on 2024-04-22 07:02:33 CEST.

Flavor Version Tinstall Tcheck Ttotal Status Flags
r-devel-linux-x86_64-debian-clang 1.4.0 22.64 326.78 349.42 NOTE
r-devel-linux-x86_64-debian-gcc 1.4.0 22.13 248.82 270.95 OK
r-devel-linux-x86_64-fedora-clang 1.4.0 478.83 OK
r-devel-linux-x86_64-fedora-gcc 1.4.0 452.65 OK
r-prerel-macos-arm64 1.4.0 122.00 NOTE
r-prerel-windows-x86_64 1.4.0 23.00 253.00 276.00 OK
r-patched-linux-x86_64 1.4.0 20.99 318.54 339.53 OK
r-release-linux-x86_64 1.4.0 27.61 331.07 358.68 OK
r-release-macos-arm64 1.4.0 135.00 NOTE
r-release-macos-x86_64 1.4.0 214.00 NOTE
r-release-windows-x86_64 1.4.0 31.00 321.00 352.00 NOTE
r-oldrel-macos-arm64 1.4.0 133.00 NOTE
r-oldrel-windows-x86_64 1.4.0 33.00 301.00 334.00 NOTE

Additional issues

noSuggests

Check Details

Version: 1.4.0
Check: package dependencies
Result: NOTE Packages suggested but not available for checking: 'AnnotationDbi', 'Biostrings', 'BSgenome', 'BSgenome.Hsapiens.NCBI.GRCh38', 'clusterProfiler', 'GenomicRanges', 'MAST', 'org.Hs.eg.db', 'org.Mm.eg.db', 'wiggleplotr' Flavor: r-devel-linux-x86_64-debian-clang

Version: 1.4.0
Check: package dependencies
Result: NOTE Packages suggested but not available for checking: 'BSgenome.Hsapiens.NCBI.GRCh38', 'org.Mm.eg.db', 'wiggleplotr' Flavors: r-prerel-macos-arm64, r-release-macos-x86_64

Version: 1.4.0
Check: package dependencies
Result: NOTE Packages suggested but not available for checking: 'BSgenome.Hsapiens.NCBI.GRCh38', 'clusterProfiler', 'org.Mm.eg.db', 'wiggleplotr' Flavor: r-release-macos-arm64

Version: 1.4.0
Check: package dependencies
Result: NOTE Package suggested but not available for checking: 'BSgenome.Hsapiens.NCBI.GRCh38' Flavors: r-release-windows-x86_64, r-oldrel-windows-x86_64

Version: 1.4.0
Check: package dependencies
Result: NOTE Packages suggested but not available for checking: 'BSgenome.Hsapiens.NCBI.GRCh38', 'wiggleplotr' Flavor: r-oldrel-macos-arm64