CRAN Package Check Results for Package MAPITR

Last updated on 2022-10-02 18:50:52 CEST.

Flavor Version Tinstall Tcheck Ttotal Status Flags
r-devel-linux-x86_64-debian-clang 1.1.2 51.81 54.20 106.01 OK
r-devel-linux-x86_64-debian-gcc 1.1.2 34.76 43.11 77.87 OK
r-devel-linux-x86_64-fedora-clang 1.1.2 143.02 OK
r-devel-linux-x86_64-fedora-gcc 1.1.2 130.84 OK
r-devel-windows-x86_64 1.1.2 42.00 103.00 145.00 OK
r-patched-linux-x86_64 1.1.2 36.46 53.62 90.08 OK
r-release-linux-x86_64 1.1.2 34.41 53.49 87.90 OK
r-release-macos-arm64 1.1.2 43.00 OK
r-release-macos-x86_64 1.1.2 52.00 OK
r-release-windows-x86_64 1.1.2 45.00 106.00 151.00 OK
r-oldrel-macos-arm64 1.1.2 47.00 NOTE
r-oldrel-macos-x86_64 1.1.2 79.00 OK
r-oldrel-windows-ix86+x86_64 1.1.2 99.00 127.00 226.00 OK

Check Details

Version: 1.1.2
Check: installed package size
Result: NOTE
     installed size is 5.0Mb
     sub-directories of 1Mb or more:
     libs 4.5Mb
Flavor: r-oldrel-macos-arm64