CRAN Package Check Results for Package MADPop

Last updated on 2022-10-01 07:08:01 CEST.

Flavor Version Tinstall Tcheck Ttotal Status Flags
r-devel-linux-x86_64-debian-clang 1.1.4 113.68 186.53 300.21 NOTE
r-devel-linux-x86_64-debian-gcc 1.1.4 113.74 140.80 254.54 NOTE
r-devel-linux-x86_64-fedora-clang 1.1.4 383.24 NOTE
r-devel-linux-x86_64-fedora-gcc 1.1.4 415.61 NOTE
r-devel-windows-x86_64 1.1.4 100.00 251.00 351.00 NOTE
r-patched-linux-x86_64 1.1.4 120.43 182.80 303.23 NOTE
r-release-linux-x86_64 1.1.4 119.38 178.55 297.93 NOTE
r-release-macos-arm64 1.1.4 97.00 NOTE
r-release-macos-x86_64 1.1.4 150.00 NOTE
r-release-windows-x86_64 1.1.4 107.00 256.00 363.00 NOTE
r-oldrel-macos-arm64 1.1.4 89.00 NOTE
r-oldrel-macos-x86_64 1.1.4 152.00 NOTE
r-oldrel-windows-ix86+x86_64 1.1.4 305.00 303.00 608.00 NOTE

Check Details

Version: 1.1.4
Check: for GNU extensions in Makefiles
Result: NOTE
    GNU make is a SystemRequirements.
Flavors: r-devel-linux-x86_64-debian-clang, r-devel-linux-x86_64-debian-gcc, r-devel-linux-x86_64-fedora-clang, r-devel-linux-x86_64-fedora-gcc, r-devel-windows-x86_64, r-patched-linux-x86_64, r-release-linux-x86_64, r-release-macos-arm64, r-release-macos-x86_64, r-release-windows-x86_64, r-oldrel-macos-arm64, r-oldrel-macos-x86_64, r-oldrel-windows-ix86+x86_64

Version: 1.1.4
Check: installed package size
Result: NOTE
     installed size is 32.8Mb
     sub-directories of 1Mb or more:
     libs 32.4Mb
Flavors: r-release-macos-arm64, r-release-macos-x86_64, r-oldrel-macos-arm64, r-oldrel-macos-x86_64