CRAN Package Check Results for Package LowWAFOMSobol

Last updated on 2022-10-06 01:49:51 CEST.

Flavor Version Tinstall Tcheck Ttotal Status Flags
r-devel-linux-x86_64-debian-clang 1.1.1 29.68 50.13 79.81 OK
r-devel-linux-x86_64-debian-gcc 1.1.1 22.70 38.58 61.28 OK
r-devel-linux-x86_64-fedora-clang 1.1.1 124.83 OK
r-devel-linux-x86_64-fedora-gcc 1.1.1 108.39 OK
r-devel-windows-x86_64 1.1.1 40.00 97.00 137.00 NOTE
r-patched-linux-x86_64 1.1.1 26.15 49.35 75.50 OK
r-release-linux-x86_64 1.1.1 24.11 47.33 71.44 OK
r-release-macos-arm64 1.1.1 32.00 NOTE
r-release-macos-x86_64 1.1.1 43.00 NOTE
r-release-windows-x86_64 1.1.1 34.00 103.00 137.00 NOTE
r-oldrel-macos-arm64 1.1.1 36.00 NOTE
r-oldrel-macos-x86_64 1.1.1 56.00 NOTE
r-oldrel-windows-ix86+x86_64 1.1.1 74.00 117.00 191.00 NOTE

Check Details

Version: 1.1.1
Check: installed package size
Result: NOTE
     installed size is 5.6Mb
     sub-directories of 1Mb or more:
     extdata 4.5Mb
     libs 1.0Mb
Flavors: r-devel-windows-x86_64, r-release-macos-arm64, r-release-macos-x86_64, r-release-windows-x86_64, r-oldrel-macos-arm64, r-oldrel-macos-x86_64, r-oldrel-windows-ix86+x86_64