CRAN Package Check Results for Package LowRankQP

Last updated on 2022-10-06 18:49:54 CEST.

Flavor Version Tinstall Tcheck Ttotal Status Flags
r-devel-linux-x86_64-debian-clang 1.0.5 3.08 22.01 25.09 OK
r-devel-linux-x86_64-debian-gcc 1.0.5 2.37 16.58 18.95 OK
r-devel-linux-x86_64-fedora-clang 1.0.5 42.94 WARN
r-devel-linux-x86_64-fedora-gcc 1.0.5 40.10 WARN
r-devel-windows-x86_64 1.0.5 11.00 56.00 67.00 OK
r-patched-linux-x86_64 1.0.5 2.95 20.00 22.95 OK
r-release-linux-x86_64 1.0.5 2.41 20.27 22.68 OK
r-release-macos-arm64 1.0.5 15.00 OK
r-release-macos-x86_64 1.0.5 24.00 OK
r-release-windows-x86_64 1.0.5 16.00 43.00 59.00 OK
r-oldrel-macos-arm64 1.0.5 16.00 OK
r-oldrel-macos-x86_64 1.0.5 23.00 OK
r-oldrel-windows-ix86+x86_64 1.0.5 12.00 43.00 55.00 OK

Check Details

Version: 1.0.5
Check: whether package can be installed
Result: WARN
    Found the following significant warnings:
     LowRankQP.c:278:16: warning: a function declaration without a prototype is deprecated in all versions of C [-Wstrict-prototypes]
     LowRankQP_init.c:29:23: warning: a function declaration without a prototype is deprecated in all versions of C [-Wstrict-prototypes]
Flavor: r-devel-linux-x86_64-fedora-clang

Version: 1.0.5
Check: whether package can be installed
Result: WARN
    Found the following significant warnings:
     LowRankQP.c:278:6: warning: function declaration isn’t a prototype [-Wstrict-prototypes]
     LowRankQP_init.c:29:1: warning: function declaration isn’t a prototype [-Wstrict-prototypes]
Flavor: r-devel-linux-x86_64-fedora-gcc