Last updated on 2023-02-03 00:51:05 CET.
Flavor | Version | Tinstall | Tcheck | Ttotal | Status | Flags |
---|---|---|---|---|---|---|
r-devel-linux-x86_64-debian-clang | 1.3-1 | 37.09 | 29.88 | 66.97 | NOTE | |
r-devel-linux-x86_64-debian-gcc | 1.3-1 | 30.55 | 23.73 | 54.28 | NOTE | |
r-devel-linux-x86_64-fedora-clang | 1.3-1 | 100.31 | NOTE | |||
r-devel-linux-x86_64-fedora-gcc | 1.3-1 | 90.07 | NOTE | |||
r-patched-linux-x86_64 | 1.3-1 | 28.03 | 31.17 | 59.20 | OK | |
r-release-linux-x86_64 | 1.3-1 | 29.56 | 31.25 | 60.81 | OK | |
r-release-macos-arm64 | 1.3-1 | 28.00 | OK | |||
r-release-macos-x86_64 | 1.3-1 | 38.00 | OK | |||
r-release-windows-x86_64 | 1.3-1 | 39.00 | 87.00 | 126.00 | OK | |
r-oldrel-macos-arm64 | 1.3-1 | 33.00 | OK | |||
r-oldrel-macos-x86_64 | 1.3-1 | 51.00 | OK | |||
r-oldrel-windows-ix86+x86_64 | 1.3-1 | 87.00 | 82.00 | 169.00 | OK |
Version: 1.3-1
Check: C++ specification
Result: NOTE
Specified C++11: please update to current default of C++17
Flavors: r-devel-linux-x86_64-debian-clang, r-devel-linux-x86_64-debian-gcc, r-devel-linux-x86_64-fedora-clang, r-devel-linux-x86_64-fedora-gcc
Version: 1.3-1
Check: Rd files
Result: NOTE
checkRd: (-1) cauchypoly.Rd:39: Escaped LaTeX specials: \_ \_ \_
checkRd: (-1) cauchypoly.Rd:40: Escaped LaTeX specials: \_
checkRd: (-1) normpoly.Rd:38: Escaped LaTeX specials: \_ \_ \_
checkRd: (-1) normpoly.Rd:39: Escaped LaTeX specials: \_
Flavors: r-devel-linux-x86_64-debian-clang, r-devel-linux-x86_64-debian-gcc, r-devel-linux-x86_64-fedora-clang, r-devel-linux-x86_64-fedora-gcc