CRAN Package Check Results for Package LassoGEE

Last updated on 2022-10-06 18:49:53 CEST.

Flavor Version Tinstall Tcheck Ttotal Status Flags
r-devel-linux-x86_64-debian-clang 1.0 43.54 140.73 184.27 NOTE
r-devel-linux-x86_64-debian-gcc 1.0 34.25 101.91 136.16 NOTE
r-devel-linux-x86_64-fedora-clang 1.0 250.56 NOTE
r-devel-linux-x86_64-fedora-gcc 1.0 245.48 NOTE
r-devel-windows-x86_64 1.0 72.00 174.00 246.00 NOTE
r-patched-linux-x86_64 1.0 37.28 127.21 164.49 NOTE
r-release-linux-x86_64 1.0 29.30 130.36 159.66 NOTE
r-release-macos-arm64 1.0 60.00 NOTE
r-release-macos-x86_64 1.0 100.00 NOTE
r-release-windows-x86_64 1.0 42.00 171.00 213.00 NOTE
r-oldrel-macos-arm64 1.0 63.00 NOTE
r-oldrel-macos-x86_64 1.0 96.00 NOTE
r-oldrel-windows-ix86+x86_64 1.0 114.00 225.00 339.00 NOTE

Check Details

Version: 1.0
Check: LazyData
Result: NOTE
     'LazyData' is specified without a 'data' directory
Flavors: r-devel-linux-x86_64-debian-clang, r-devel-linux-x86_64-debian-gcc, r-devel-linux-x86_64-fedora-clang, r-devel-linux-x86_64-fedora-gcc, r-devel-windows-x86_64, r-patched-linux-x86_64, r-release-linux-x86_64, r-release-macos-arm64, r-release-macos-x86_64, r-release-windows-x86_64, r-oldrel-macos-arm64, r-oldrel-macos-x86_64, r-oldrel-windows-ix86+x86_64