Last updated on 2023-09-30 00:56:09 CEST.
Flavor | Version | Tinstall | Tcheck | Ttotal | Status | Flags |
---|---|---|---|---|---|---|
r-devel-linux-x86_64-debian-clang | 1.0 | 46.07 | 139.86 | 185.93 | NOTE | |
r-devel-linux-x86_64-debian-gcc | 1.0 | 34.77 | 102.04 | 136.81 | NOTE | |
r-devel-linux-x86_64-fedora-clang | 1.0 | 238.10 | NOTE | |||
r-devel-linux-x86_64-fedora-gcc | 1.0 | 251.45 | NOTE | |||
r-devel-windows-x86_64 | 1.0 | 37.00 | 131.00 | 168.00 | NOTE | |
r-patched-linux-x86_64 | 1.0 | 36.09 | 128.86 | 164.95 | NOTE | |
r-release-linux-x86_64 | 1.0 | 32.63 | 130.70 | 163.33 | NOTE | |
r-release-macos-arm64 | 1.0 | 68.00 | NOTE | |||
r-release-macos-x86_64 | 1.0 | 110.00 | NOTE | |||
r-release-windows-x86_64 | 1.0 | 53.00 | 153.00 | 206.00 | NOTE | |
r-oldrel-macos-arm64 | 1.0 | 60.00 | NOTE | |||
r-oldrel-macos-x86_64 | 1.0 | 100.00 | NOTE | |||
r-oldrel-windows-x86_64 | 1.0 | 49.00 | 153.00 | 202.00 | NOTE |
Version: 1.0
Check: C++ specification
Result: NOTE
Specified C++11: please drop specification unless essential
Flavors: r-devel-linux-x86_64-debian-clang, r-devel-linux-x86_64-debian-gcc, r-devel-linux-x86_64-fedora-clang, r-devel-linux-x86_64-fedora-gcc, r-devel-windows-x86_64, r-patched-linux-x86_64, r-release-linux-x86_64, r-release-macos-arm64, r-release-macos-x86_64, r-release-windows-x86_64
Version: 1.0
Check: LazyData
Result: NOTE
'LazyData' is specified without a 'data' directory
Flavors: r-devel-linux-x86_64-debian-clang, r-devel-linux-x86_64-debian-gcc, r-devel-linux-x86_64-fedora-clang, r-devel-linux-x86_64-fedora-gcc, r-devel-windows-x86_64, r-patched-linux-x86_64, r-release-linux-x86_64, r-release-macos-arm64, r-release-macos-x86_64, r-release-windows-x86_64, r-oldrel-macos-arm64, r-oldrel-macos-x86_64, r-oldrel-windows-x86_64