CRAN Package Check Results for Package LW1949

Last updated on 2023-01-29 06:52:04 CET.

Flavor Version Tinstall Tcheck Ttotal Status Flags
r-devel-linux-x86_64-debian-clang 1.1.0 10.60 92.69 103.29 NOTE
r-devel-linux-x86_64-debian-gcc 1.1.0 7.23 70.91 78.14 NOTE
r-devel-linux-x86_64-fedora-clang 1.1.0 126.88 NOTE
r-devel-linux-x86_64-fedora-gcc 1.1.0 160.43 NOTE
r-devel-windows-x86_64 1.1.0 34.00 133.00 167.00 NOTE
r-patched-linux-x86_64 1.1.0 11.57 91.25 102.82 NOTE
r-release-linux-x86_64 1.1.0 10.10 91.04 101.14 NOTE
r-release-macos-arm64 1.1.0 47.00 NOTE
r-release-macos-x86_64 1.1.0 65.00 NOTE
r-release-windows-x86_64 1.1.0 23.00 125.00 148.00 NOTE
r-oldrel-macos-arm64 1.1.0 60.00 NOTE
r-oldrel-macos-x86_64 1.1.0 89.00 NOTE
r-oldrel-windows-ix86+x86_64 1.1.0 20.00 117.00 137.00 NOTE

Check Details

Version: 1.1.0
Check: LazyData
Result: NOTE
     'LazyData' is specified without a 'data' directory
Flavors: r-devel-linux-x86_64-debian-clang, r-devel-linux-x86_64-debian-gcc, r-devel-linux-x86_64-fedora-clang, r-devel-linux-x86_64-fedora-gcc, r-devel-windows-x86_64, r-patched-linux-x86_64, r-release-linux-x86_64, r-release-macos-arm64, r-release-macos-x86_64, r-release-windows-x86_64, r-oldrel-macos-arm64, r-oldrel-macos-x86_64, r-oldrel-windows-ix86+x86_64

Version: 1.1.0
Check: Rd cross-references
Result: NOTE
    Undeclared package ‘zoo’ in Rd xrefs
Flavor: r-devel-linux-x86_64-fedora-clang