CRAN Package Check Results for Package LTRCforests

Last updated on 2020-10-21 13:49:58 CEST.

Flavor Version Tinstall Tcheck Ttotal Status Flags
r-devel-linux-x86_64-debian-clang 0.5.1 31.85 114.87 146.72 NOTE
r-devel-linux-x86_64-debian-gcc 0.5.1 27.20 86.16 113.36 NOTE
r-devel-linux-x86_64-fedora-clang 0.5.1 188.23 NOTE
r-devel-linux-x86_64-fedora-gcc 0.5.1 186.55 NOTE
r-devel-windows-ix86+x86_64 0.5.1 70.00 154.00 224.00 OK
r-patched-linux-x86_64 0.5.1 28.47 105.74 134.21 NOTE
r-patched-solaris-x86 0.5.1 241.10 NOTE
r-release-linux-x86_64 0.5.1 28.80 105.37 134.17 NOTE
r-release-macos-x86_64 0.5.1 OK
r-release-windows-ix86+x86_64 0.5.1 72.00 168.00 240.00 OK
r-oldrel-macos-x86_64 0.5.1 OK
r-oldrel-windows-ix86+x86_64 0.5.1 72.00 164.00 236.00 OK

Check Details

Version: 0.5.1
Check: package dependencies
Result: NOTE
    Package suggested but not available for checking: 'LTRCtrees'
Flavors: r-devel-linux-x86_64-debian-clang, r-devel-linux-x86_64-debian-gcc, r-devel-linux-x86_64-fedora-clang, r-devel-linux-x86_64-fedora-gcc, r-patched-linux-x86_64, r-patched-solaris-x86, r-release-linux-x86_64

Version: 0.5.1
Check: Rd cross-references
Result: NOTE
    Unknown package 'LTRCtrees' in Rd xrefs
Flavors: r-devel-linux-x86_64-debian-clang, r-devel-linux-x86_64-debian-gcc, r-devel-linux-x86_64-fedora-clang, r-devel-linux-x86_64-fedora-gcc, r-patched-linux-x86_64, r-patched-solaris-x86, r-release-linux-x86_64