Last updated on 2022-08-09 12:53:29 CEST.
Flavor | Version | Tinstall | Tcheck | Ttotal | Status | Flags |
---|---|---|---|---|---|---|
r-devel-linux-x86_64-debian-clang | 1.2.3 | 1.62 | 30.44 | 32.06 | OK | |
r-devel-linux-x86_64-debian-gcc | 1.2.3 | 1.95 | 23.32 | 25.27 | OK | |
r-devel-linux-x86_64-fedora-clang | 1.2.3 | 50.81 | OK | |||
r-devel-linux-x86_64-fedora-gcc | 1.2.3 | 49.72 | OK | |||
r-devel-windows-x86_64 | 1.2.3 | 7.00 | 58.00 | 65.00 | OK | |
r-patched-linux-x86_64 | 1.2.3 | 2.73 | 29.43 | 32.16 | OK | |
r-release-linux-x86_64 | 1.2.3 | OK | ||||
r-release-macos-arm64 | 1.2.3 | 6.00 | ERROR | |||
r-release-macos-x86_64 | 1.2.3 | 6.00 | ERROR | |||
r-release-windows-x86_64 | 1.2.3 | 7.00 | 54.00 | 61.00 | OK | |
r-oldrel-macos-arm64 | 1.2.3 | 5.00 | ERROR | |||
r-oldrel-macos-x86_64 | 1.2.3 | 7.00 | ERROR | |||
r-oldrel-windows-ix86+x86_64 | 1.2.3 | 7.00 | 51.00 | 58.00 | OK |
Version: 1.2.3
Check: package dependencies
Result: ERROR
Package required but not available: ‘GeneticsPed’
See section ‘The DESCRIPTION file’ in the ‘Writing R Extensions’
manual.
Flavors: r-release-macos-arm64, r-release-macos-x86_64, r-oldrel-macos-arm64, r-oldrel-macos-x86_64