CRAN Package Check Results for Package LPsmooth

Last updated on 2022-08-12 21:53:06 CEST.

Flavor Version Tinstall Tcheck Ttotal Status Flags
r-devel-linux-x86_64-debian-clang 0.1.3 16.14 131.35 147.49 NOTE
r-devel-linux-x86_64-debian-gcc 0.1.3 9.67 96.22 105.89 NOTE
r-devel-linux-x86_64-fedora-clang 0.1.3 183.01 NOTE
r-devel-linux-x86_64-fedora-gcc 0.1.3 178.72 NOTE
r-devel-windows-x86_64 0.1.3 21.00 146.00 167.00 NOTE
r-patched-linux-x86_64 0.1.3 14.53 124.67 139.20 NOTE
r-release-linux-x86_64 0.1.3 15.43 124.47 139.90 NOTE
r-release-macos-arm64 0.1.3 42.00 NOTE
r-release-macos-x86_64 0.1.3 81.00 NOTE
r-release-windows-x86_64 0.1.3 21.00 145.00 166.00 NOTE
r-oldrel-macos-arm64 0.1.3 52.00 NOTE
r-oldrel-macos-x86_64 0.1.3 85.00 NOTE
r-oldrel-windows-ix86+x86_64 0.1.3 33.00 149.00 182.00 NOTE

Check Details

Version: 0.1.3
Check: LazyData
Result: NOTE
     'LazyData' is specified without a 'data' directory
Flavors: r-devel-linux-x86_64-debian-clang, r-devel-linux-x86_64-debian-gcc, r-devel-linux-x86_64-fedora-clang, r-devel-linux-x86_64-fedora-gcc, r-devel-windows-x86_64, r-patched-linux-x86_64, r-release-linux-x86_64, r-release-macos-arm64, r-release-macos-x86_64, r-release-windows-x86_64, r-oldrel-macos-arm64, r-oldrel-macos-x86_64, r-oldrel-windows-ix86+x86_64