CRAN Package Check Results for Package LPBkg

Last updated on 2022-10-02 00:55:12 CEST.

Flavor Version Tinstall Tcheck Ttotal Status Flags
r-devel-linux-x86_64-debian-clang 1.2 10.61 111.56 122.17 NOTE
r-devel-linux-x86_64-debian-gcc 1.2 9.98 82.60 92.58 NOTE
r-devel-linux-x86_64-fedora-clang 1.2 163.16 NOTE
r-devel-linux-x86_64-fedora-gcc 1.2 157.99 NOTE
r-devel-windows-x86_64 1.2 15.00 137.00 152.00 NOTE
r-patched-linux-x86_64 1.2 10.64 102.00 112.64 NOTE
r-release-linux-x86_64 1.2 7.92 103.12 111.04 NOTE
r-release-macos-arm64 1.2 40.00 NOTE
r-release-macos-x86_64 1.2 70.00 NOTE
r-release-windows-x86_64 1.2 17.00 134.00 151.00 NOTE
r-oldrel-macos-arm64 1.2 41.00 NOTE
r-oldrel-macos-x86_64 1.2 85.00 NOTE
r-oldrel-windows-ix86+x86_64 1.2 29.00 126.00 155.00 NOTE

Check Details

Version: 1.2
Check: LazyData
Result: NOTE
     'LazyData' is specified without a 'data' directory
Flavors: r-devel-linux-x86_64-debian-clang, r-devel-linux-x86_64-debian-gcc, r-devel-linux-x86_64-fedora-clang, r-devel-linux-x86_64-fedora-gcc, r-devel-windows-x86_64, r-patched-linux-x86_64, r-release-linux-x86_64, r-release-macos-arm64, r-release-macos-x86_64, r-release-windows-x86_64, r-oldrel-macos-arm64, r-oldrel-macos-x86_64, r-oldrel-windows-ix86+x86_64