CRAN Package Check Results for Package LOGAN

Last updated on 2022-08-15 19:51:20 CEST.

Flavor Version Tinstall Tcheck Ttotal Status Flags
r-devel-linux-x86_64-debian-clang 1.0.0 4.28 34.39 38.67 OK
r-devel-linux-x86_64-debian-gcc 1.0.0 2.92 28.92 31.84 OK
r-devel-linux-x86_64-fedora-clang 1.0.0 61.52 NOTE
r-devel-linux-x86_64-fedora-gcc 1.0.0 59.78 NOTE
r-devel-windows-x86_64 1.0.0 31.00 64.00 95.00 OK
r-patched-linux-x86_64 1.0.0 4.68 35.87 40.55 OK
r-release-linux-x86_64 1.0.0 3.93 37.12 41.05 OK
r-release-macos-arm64 1.0.0 22.00 NOTE
r-release-macos-x86_64 1.0.0 49.00 NOTE
r-release-windows-x86_64 1.0.0 26.00 64.00 90.00 OK
r-oldrel-macos-arm64 1.0.0 30.00 NOTE
r-oldrel-macos-x86_64 1.0.0 34.00 NOTE
r-oldrel-windows-ix86+x86_64 1.0.0 10.00 60.00 70.00 OK

Check Details

Version: 1.0.0
Check: dependencies in R code
Result: NOTE
    Namespace in Imports field not imported from: ‘modules’
     All declared Imports should be used.
Flavors: r-devel-linux-x86_64-fedora-clang, r-devel-linux-x86_64-fedora-gcc, r-release-macos-arm64, r-release-macos-x86_64, r-oldrel-macos-arm64, r-oldrel-macos-x86_64