Last updated on 2023-10-03 13:07:36 CEST.
Flavor | Version | Tinstall | Tcheck | Ttotal | Status | Flags |
---|---|---|---|---|---|---|
r-devel-linux-x86_64-debian-clang | 1.1.3 | 57.50 | 71.74 | 129.24 | OK | |
r-devel-linux-x86_64-debian-gcc | 1.1.3 | 40.84 | 55.02 | 95.86 | OK | |
r-devel-linux-x86_64-fedora-clang | 1.1.3 | 179.30 | OK | |||
r-devel-linux-x86_64-fedora-gcc | 1.1.3 | 194.61 | OK | |||
r-devel-windows-x86_64 | 1.1.3 | 44.00 | 96.00 | 140.00 | OK | |
r-patched-linux-x86_64 | 1.1.3 | 61.34 | 71.81 | 133.15 | OK | |
r-release-linux-x86_64 | 1.1.3 | 64.31 | 71.17 | 135.48 | OK | |
r-release-macos-arm64 | 1.1.3 | 61.00 | NOTE | |||
r-release-macos-x86_64 | 1.1.3 | 89.00 | NOTE | |||
r-release-windows-x86_64 | 1.1.3 | 66.00 | 105.00 | 171.00 | OK | |
r-oldrel-macos-arm64 | 1.1.3 | 47.00 | NOTE | |||
r-oldrel-macos-x86_64 | 1.1.3 | 59.00 | NOTE | |||
r-oldrel-windows-x86_64 | 1.1.3 | 51.00 | 101.00 | 152.00 | OK |
Version: 1.1.3
Check: installed package size
Result: NOTE
installed size is 6.8Mb
sub-directories of 1Mb or more:
libs 6.4Mb
Flavors: r-release-macos-arm64, r-release-macos-x86_64, r-oldrel-macos-arm64, r-oldrel-macos-x86_64