CRAN Package Check Results for Package LMN

Last updated on 2022-09-28 00:52:45 CEST.

Flavor Version Tinstall Tcheck Ttotal Status Flags
r-devel-linux-x86_64-debian-clang 1.1.3 52.61 75.28 127.89 OK
r-devel-linux-x86_64-debian-gcc 1.1.3 40.77 54.57 95.34 OK
r-devel-linux-x86_64-fedora-clang 1.1.3 184.61 OK
r-devel-linux-x86_64-fedora-gcc 1.1.3 170.84 OK
r-devel-windows-x86_64 1.1.3 49.00 127.00 176.00 OK
r-patched-linux-x86_64 1.1.3 47.82 72.98 120.80 OK
r-release-linux-x86_64 1.1.3 42.64 69.48 112.12 OK
r-release-macos-arm64 1.1.3 47.00 NOTE
r-release-macos-x86_64 1.1.3 59.00 NOTE
r-release-windows-x86_64 1.1.3 45.00 121.00 166.00 OK
r-oldrel-macos-arm64 1.1.3 52.00 NOTE
r-oldrel-macos-x86_64 1.1.3 62.00 NOTE
r-oldrel-windows-ix86+x86_64 1.1.3 126.00 133.00 259.00 OK

Check Details

Version: 1.1.3
Check: installed package size
Result: NOTE
     installed size is 6.8Mb
     sub-directories of 1Mb or more:
     libs 6.4Mb
Flavors: r-release-macos-arm64, r-release-macos-x86_64, r-oldrel-macos-arm64, r-oldrel-macos-x86_64