CRAN Package Check Results for Package LLM

Last updated on 2020-05-25 01:48:56 CEST.

Flavor Version Tinstall Tcheck Ttotal Status Flags
r-devel-linux-x86_64-debian-clang 1.1.0 14.55 132.24 146.79 OK
r-devel-linux-x86_64-debian-gcc 1.1.0 12.65 101.02 113.67 OK
r-devel-linux-x86_64-fedora-clang 1.1.0 187.36 OK
r-devel-linux-x86_64-fedora-gcc 1.1.0 184.84 OK
r-devel-windows-ix86+x86_64 1.1.0 48.00 125.00 173.00 OK
r-patched-linux-x86_64 1.1.0 14.15 132.87 147.02 OK
r-release-linux-x86_64 1.1.0 13.87 132.16 146.03 OK
r-release-osx-x86_64 1.1.0 OK
r-release-windows-ix86+x86_64 1.1.0 34.00 168.00 202.00 OK
r-oldrel-osx-x86_64 1.1.0 ERROR
r-oldrel-windows-ix86+x86_64 1.0.0 19.00 99.00 118.00 OK

Check Details

Version: 1.1.0
Check: whether package can be installed
Result: ERROR
    Installation failed.
Flavor: r-oldrel-osx-x86_64