CRAN Package Check Results for Package LFDREmpiricalBayes

Last updated on 2020-05-29 07:54:00 CEST.

Flavor Version Tinstall Tcheck Ttotal Status Flags
r-devel-linux-x86_64-debian-clang 1.0 1.71 28.74 30.45 OK
r-devel-linux-x86_64-debian-gcc 1.0 1.82 27.43 29.25 OK
r-devel-linux-x86_64-fedora-clang 1.0 41.72 OK
r-devel-linux-x86_64-fedora-gcc 1.0 42.67 OK
r-devel-windows-ix86+x86_64 1.0 8.00 108.00 116.00 OK
r-patched-linux-x86_64 1.0 2.11 28.75 30.86 OK
r-patched-solaris-x86 1.0 71.20 OK
r-release-linux-x86_64 1.0 1.86 33.03 34.89 OK
r-release-osx-x86_64 1.0 WARN
r-release-windows-ix86+x86_64 1.0 5.00 54.00 59.00 OK
r-oldrel-osx-x86_64 1.0 OK
r-oldrel-windows-ix86+x86_64 1.0 8.00 47.00 55.00 OK

Check Details

Version: 1.0
Check: running R code from vignettes
Result: WARN
    Errors in running code in vignettes:
    when running code in ‘LFDREmpiricalBayes.Rnw’
     ...
    
    > library(LFDR.MLE)
    
     When sourcing ‘LFDREmpiricalBayes.R’:
    Error: there is no package called ‘LFDR.MLE’
    Execution halted
    
     ‘LFDREmpiricalBayes.Rnw’... failed
Flavor: r-release-osx-x86_64

Version: 1.0
Check: re-building of vignette outputs
Result: NOTE
    Error(s) in re-building vignettes:
     ...
    --- re-building ‘LFDREmpiricalBayes.Rnw’ using Sweave
    
    Error: processing vignette 'LFDREmpiricalBayes.Rnw' failed with diagnostics:
     chunk 4 (label = generating artificial SNPs)
    Error in library(LFDR.MLE) : there is no package called ‘LFDR.MLE’
    
    --- failed re-building ‘LFDREmpiricalBayes.Rnw’
    
    SUMMARY: processing the following file failed:
     ‘LFDREmpiricalBayes.Rnw’
    
    Error: Vignette re-building failed.
    Execution halted
Flavor: r-release-osx-x86_64