CRAN Package Check Results for Package LDNN

Last updated on 2024-05-23 21:50:45 CEST.

Flavor Version Tinstall Tcheck Ttotal Status Flags
r-devel-linux-x86_64-debian-clang 1.10 10.15 85.35 95.50 NOTE
r-devel-linux-x86_64-debian-gcc 1.10 7.61 62.85 70.46 NOTE
r-devel-linux-x86_64-fedora-clang 1.10 115.31 NOTE
r-devel-linux-x86_64-fedora-gcc 1.10 127.35 NOTE
r-devel-windows-x86_64 1.10 10.00 77.00 87.00 NOTE
r-patched-linux-x86_64 1.10 5.81 80.79 86.60 NOTE
r-release-linux-x86_64 1.10 5.68 78.57 84.25 NOTE
r-release-macos-arm64 1.10 41.00 NOTE
r-release-windows-x86_64 1.10 9.00 78.00 87.00 NOTE
r-oldrel-macos-arm64 1.10 44.00 NOTE
r-oldrel-macos-x86_64 1.10 79.00 NOTE
r-oldrel-windows-x86_64 1.10 11.00 93.00 104.00 NOTE

Check Details

Version: 1.10
Check: LazyData
Result: NOTE 'LazyData' is specified without a 'data' directory Flavors: r-devel-linux-x86_64-debian-clang, r-devel-linux-x86_64-debian-gcc, r-devel-linux-x86_64-fedora-clang, r-devel-linux-x86_64-fedora-gcc, r-devel-windows-x86_64, r-patched-linux-x86_64, r-release-linux-x86_64, r-release-macos-arm64, r-release-windows-x86_64, r-oldrel-macos-arm64, r-oldrel-macos-x86_64, r-oldrel-windows-x86_64

Version: 1.10
Check: dependencies in R code
Result: NOTE Namespaces in Imports field not imported from: ‘devtools’ ‘reticulate’ ‘tensorflow’ All declared Imports should be used. Flavors: r-devel-linux-x86_64-fedora-clang, r-devel-linux-x86_64-fedora-gcc