CRAN Package Check Results for Package LCMSQA

Last updated on 2024-04-16 12:51:34 CEST.

Flavor Version Tinstall Tcheck Ttotal Status Flags
r-devel-linux-x86_64-debian-clang 1.0.2 12.63 83.57 96.20 NOTE
r-devel-linux-x86_64-debian-gcc 1.0.2 8.59 224.76 233.35 OK
r-devel-linux-x86_64-fedora-clang 1.0.2 117.54 NOTE
r-devel-linux-x86_64-fedora-gcc 1.0.2 124.00 NOTE
r-prerel-macos-arm64 1.0.2 134.00 OK
r-prerel-windows-x86_64 1.0.2 37.00 216.00 253.00 OK
r-patched-linux-x86_64 1.0.2 11.18 288.01 299.19 OK
r-release-linux-x86_64 1.0.2 7.23 288.53 295.76 OK
r-release-macos-arm64 1.0.2 48.00 NOTE
r-release-macos-x86_64 1.0.2 82.00 NOTE
r-release-windows-x86_64 1.0.2 54.00 286.00 340.00 OK
r-oldrel-macos-arm64 1.0.2 123.00 OK
r-oldrel-windows-x86_64 1.0.2 43.00 287.00 330.00 OK

Check Details

Version: 1.0.2
Check: package dependencies
Result: NOTE Packages suggested but not available for checking: 'xcms', 'MSnbase' Flavors: r-devel-linux-x86_64-debian-clang, r-devel-linux-x86_64-fedora-clang, r-devel-linux-x86_64-fedora-gcc, r-release-macos-arm64, r-release-macos-x86_64