CRAN Package Check Results for Package LCAvarsel

Last updated on 2020-10-24 07:49:48 CEST.

Flavor Version Tinstall Tcheck Ttotal Status Flags
r-devel-linux-x86_64-debian-clang 1.1 3.98 34.52 38.50 OK
r-devel-linux-x86_64-debian-gcc 1.1 2.81 26.69 29.50 OK
r-devel-linux-x86_64-fedora-clang 1.1 54.73 NOTE
r-devel-linux-x86_64-fedora-gcc 1.1 47.07 NOTE
r-devel-windows-ix86+x86_64 1.1 7.00 46.00 53.00 OK
r-patched-linux-x86_64 1.1 3.50 32.69 36.19 OK
r-patched-solaris-x86 1.1 68.60 NOTE
r-release-linux-x86_64 1.1 3.92 32.71 36.63 OK
r-release-macos-x86_64 1.1 NOTE
r-release-windows-ix86+x86_64 1.1 5.00 49.00 54.00 OK
r-oldrel-macos-x86_64 1.1 NOTE
r-oldrel-windows-ix86+x86_64 1.1 6.00 52.00 58.00 OK

Check Details

Version: 1.1
Check: dependencies in R code
Result: NOTE
    Namespace in Imports field not imported from: ‘doParallel’
     All declared Imports should be used.
Flavors: r-devel-linux-x86_64-fedora-clang, r-devel-linux-x86_64-fedora-gcc, r-patched-solaris-x86, r-release-macos-x86_64, r-oldrel-macos-x86_64