CRAN Package Check Results for Package LANDD

Last updated on 2020-05-27 07:51:00 CEST.

Flavor Version Tinstall Tcheck Ttotal Status Flags
r-devel-linux-x86_64-debian-clang 1.1.0 47.20 236.57 283.77 NOTE
r-devel-linux-x86_64-debian-gcc 1.1.0 39.99 178.67 218.66 NOTE
r-devel-linux-x86_64-fedora-clang 1.1.0 364.37 NOTE
r-devel-linux-x86_64-fedora-gcc 1.1.0 341.02 NOTE
r-devel-windows-ix86+x86_64 1.1.0 138.00 409.00 547.00 NOTE
r-patched-linux-x86_64 1.1.0 41.47 229.24 270.71 NOTE
r-patched-solaris-x86 1.1.0 477.40 NOTE
r-release-linux-x86_64 1.1.0 42.64 230.23 272.87 NOTE
r-release-osx-x86_64 1.1.0 NOTE
r-release-windows-ix86+x86_64 1.1.0 119.00 411.00 530.00 NOTE
r-oldrel-osx-x86_64 1.1.0 ERROR
r-oldrel-windows-ix86+x86_64 1.1.0 93.00 291.00 384.00 NOTE

Check Details

Version: 1.1.0
Check: R code for possible problems
Result: NOTE
    getGO: no visible global function definition for 'new'
    getGO: no visible global function definition for 'getGeneric'
    graph.kd: no visible global function definition for 'as'
    Undefined global functions or variables:
     as getGeneric new
    Consider adding
     importFrom("methods", "as", "getGeneric", "new")
    to your NAMESPACE file (and ensure that your DESCRIPTION Imports field
    contains 'methods').
Flavors: r-devel-linux-x86_64-debian-clang, r-devel-linux-x86_64-debian-gcc, r-devel-linux-x86_64-fedora-clang, r-devel-linux-x86_64-fedora-gcc, r-devel-windows-ix86+x86_64, r-patched-linux-x86_64, r-patched-solaris-x86, r-release-linux-x86_64, r-release-osx-x86_64, r-release-windows-ix86+x86_64, r-oldrel-windows-ix86+x86_64

Version: 1.1.0
Check: compiled code
Result: NOTE
    File ‘LANDD/libs/LANDD.so’:
     Found no calls to: ‘R_registerRoutines’, ‘R_useDynamicSymbols’
    
    It is good practice to register native routines and to disable symbol
    search.
    
    See ‘Writing portable packages’ in the ‘Writing R Extensions’ manual.
Flavors: r-devel-linux-x86_64-fedora-clang, r-devel-linux-x86_64-fedora-gcc

Version: 1.1.0
Check: whether package can be installed
Result: ERROR
    Installation failed.
Flavor: r-oldrel-osx-x86_64