CRAN Package Check Results for Package LAGOSNE

Last updated on 2022-08-10 01:49:11 CEST.

Flavor Version Tinstall Tcheck Ttotal Status Flags
r-devel-linux-x86_64-debian-clang 2.0.2 8.57 81.30 89.87 NOTE
r-devel-linux-x86_64-debian-gcc 2.0.2 7.33 59.76 67.09 NOTE
r-devel-linux-x86_64-fedora-clang 2.0.2 122.05 NOTE
r-devel-linux-x86_64-fedora-gcc 2.0.2 110.68 NOTE
r-devel-windows-x86_64 2.0.2 33.00 104.00 137.00 NOTE
r-patched-linux-x86_64 2.0.2 7.67 74.83 82.50 NOTE
r-release-linux-x86_64 2.0.2 NOTE
r-release-macos-arm64 2.0.2 35.00 NOTE
r-release-macos-x86_64 2.0.2 64.00 NOTE
r-release-windows-x86_64 2.0.2 35.00 102.00 137.00 NOTE
r-oldrel-macos-arm64 2.0.2 43.00 NOTE
r-oldrel-macos-x86_64 2.0.2 53.00 NOTE
r-oldrel-windows-ix86+x86_64 2.0.2 22.00 103.00 125.00 NOTE

Check Details

Version: 2.0.2
Check: LazyData
Result: NOTE
     'LazyData' is specified without a 'data' directory
Flavors: r-devel-linux-x86_64-debian-clang, r-devel-linux-x86_64-debian-gcc, r-devel-linux-x86_64-fedora-clang, r-devel-linux-x86_64-fedora-gcc, r-devel-windows-x86_64, r-patched-linux-x86_64, r-release-linux-x86_64, r-release-macos-arm64, r-release-macos-x86_64, r-release-windows-x86_64, r-oldrel-macos-arm64, r-oldrel-macos-x86_64, r-oldrel-windows-ix86+x86_64